{"id":96,"date":"2020-03-04T01:11:32","date_gmt":"2020-03-04T04:11:32","guid":{"rendered":"https:\/\/nuvap.scb.org.br\/?page_id=96"},"modified":"2024-01-30T21:34:45","modified_gmt":"2024-01-31T00:34:45","slug":"relatorios-anuais","status":"publish","type":"page","link":"https:\/\/scb.org.br\/nuvap\/institucional\/relatorios-anuais\/","title":{"rendered":"Relat\u00f3rios Anuais"},"content":{"rendered":"\n<p><a href=\"https:\/\/nuvap.scb.org.br\/wp-content\/uploads\/sites\/22\/2020\/03\/2019-Relato\u0301rio-de-Atividades-NUVAP-SCB.pdf\">2019 &#8211; Relat\u00f3rio de Atividades<\/a><\/p>\n\n\n\n<p><a href=\"https:\/\/scb.org.br\/nuvap\/wp-content\/uploads\/sites\/22\/2022\/12\/2022-Relato\u0301rio-NUVAP-SCB.pdf\" target=\"_blank\" rel=\"noreferrer noopener\">2022 &#8211; Relat\u00f3rio de Atividades<\/a><\/p>\n\n\n\n<p><a href=\"https:\/\/scb.org.br\/nuvap\/wp-content\/uploads\/sites\/22\/2024\/01\/2023-relatorio-nuvap.pptx\" target=\"_blank\" rel=\"noreferrer noopener\">2023 &#8211; Relat\u00f3rio de Atividades<\/a><\/p>\n","protected":false},"excerpt":{"rendered":"<p>2019 &#8211; Relat\u00f3rio de Atividades 2022 &#8211; Relat\u00f3rio de Atividades 2023 &#8211; Relat\u00f3rio de Atividades<\/p>\n","protected":false},"author":1,"featured_media":0,"parent":92,"menu_order":0,"comment_status":"closed","ping_status":"closed","template":"","meta":{"_acf_changed":false,"_et_pb_use_builder":"off","_et_pb_old_content":"<!-- wp:paragraph -->\n<p><a href=\"https:\/\/nuvap.scb.org.br\/wp-content\/uploads\/sites\/22\/2020\/03\/2019-Relato\u0301rio-de-Atividades-NUVAP-SCB.pdf\">2019 - Relat\u00f3rio de Atividades<\/a><\/p>\n<!-- \/wp:paragraph -->\n\n<!-- wp:paragraph -->\n<p><a href=\"https:\/\/scb.org.br\/nuvap\/wp-content\/uploads\/sites\/22\/2022\/12\/2022-Relato\u0301rio-NUVAP-SCB.pdf\" target=\"_blank\" rel=\"noreferrer noopener\">2022 - Relat\u00f3rio de Atividades<\/a><\/p>\n<!-- \/wp:paragraph -->","_et_gb_content_width":"","om_disable_all_campaigns":false,"footnotes":""},"ppma_author":[47],"class_list":["post-96","page","type-page","status-publish","hentry"],"acf":[],"yoast_head":"<!-- This site is optimized with the Yoast SEO plugin v27.3 - https:\/\/yoast.com\/product\/yoast-seo-wordpress\/ -->\n<title>Relat\u00f3rios Anuais - NUVAP-SCB<\/title>\n<meta name=\"robots\" content=\"index, follow, max-snippet:-1, max-image-preview:large, max-video-preview:-1\" \/>\n<link rel=\"canonical\" href=\"https:\/\/scb.org.br\/nuvap\/institucional\/relatorios-anuais\/\" \/>\n<meta property=\"og:locale\" content=\"pt_BR\" \/>\n<meta property=\"og:type\" content=\"article\" \/>\n<meta property=\"og:title\" content=\"Relat\u00f3rios Anuais - NUVAP-SCB\" \/>\n<meta property=\"og:description\" content=\"2019 &#8211; Relat\u00f3rio de Atividades 2022 &#8211; Relat\u00f3rio de Atividades 2023 &#8211; Relat\u00f3rio de Atividades\" \/>\n<meta property=\"og:url\" content=\"https:\/\/scb.org.br\/nuvap\/institucional\/relatorios-anuais\/\" \/>\n<meta property=\"og:site_name\" content=\"NUVAP-SCB\" \/>\n<meta property=\"article:modified_time\" content=\"2024-01-31T00:34:45+00:00\" \/>\n<meta name=\"twitter:card\" content=\"summary_large_image\" \/>\n<meta name=\"twitter:label1\" content=\"Est. tempo de leitura\" \/>\n\t<meta name=\"twitter:data1\" content=\"1 minuto\" \/>\n<script type=\"application\/ld+json\" class=\"yoast-schema-graph\">{\"@context\":\"https:\\\/\\\/schema.org\",\"@graph\":[{\"@type\":\"WebPage\",\"@id\":\"https:\\\/\\\/scb.org.br\\\/nuvap\\\/institucional\\\/relatorios-anuais\\\/\",\"url\":\"https:\\\/\\\/scb.org.br\\\/nuvap\\\/institucional\\\/relatorios-anuais\\\/\",\"name\":\"Relat\u00f3rios Anuais - NUVAP-SCB\",\"isPartOf\":{\"@id\":\"https:\\\/\\\/scb.org.br\\\/nuvap\\\/#website\"},\"datePublished\":\"2020-03-04T04:11:32+00:00\",\"dateModified\":\"2024-01-31T00:34:45+00:00\",\"breadcrumb\":{\"@id\":\"https:\\\/\\\/scb.org.br\\\/nuvap\\\/institucional\\\/relatorios-anuais\\\/#breadcrumb\"},\"inLanguage\":\"pt-BR\",\"potentialAction\":[{\"@type\":\"ReadAction\",\"target\":[\"https:\\\/\\\/scb.org.br\\\/nuvap\\\/institucional\\\/relatorios-anuais\\\/\"]}]},{\"@type\":\"BreadcrumbList\",\"@id\":\"https:\\\/\\\/scb.org.br\\\/nuvap\\\/institucional\\\/relatorios-anuais\\\/#breadcrumb\",\"itemListElement\":[{\"@type\":\"ListItem\",\"position\":1,\"name\":\"Home\",\"item\":\"https:\\\/\\\/scb.org.br\\\/nuvap\\\/\"},{\"@type\":\"ListItem\",\"position\":2,\"name\":\"Institucional\",\"item\":\"https:\\\/\\\/scb.org.br\\\/nuvap\\\/institucional\\\/\"},{\"@type\":\"ListItem\",\"position\":3,\"name\":\"Relat\u00f3rios Anuais\"}]},{\"@type\":\"WebSite\",\"@id\":\"https:\\\/\\\/scb.org.br\\\/nuvap\\\/#website\",\"url\":\"https:\\\/\\\/scb.org.br\\\/nuvap\\\/\",\"name\":\"NUVAP-SCB\",\"description\":\"Just another SCB site\",\"potentialAction\":[{\"@type\":\"SearchAction\",\"target\":{\"@type\":\"EntryPoint\",\"urlTemplate\":\"https:\\\/\\\/scb.org.br\\\/nuvap\\\/?s={search_term_string}\"},\"query-input\":{\"@type\":\"PropertyValueSpecification\",\"valueRequired\":true,\"valueName\":\"search_term_string\"}}],\"inLanguage\":\"pt-BR\"}]}<\/script>\n<!-- \/ Yoast SEO plugin. -->","yoast_head_json":{"title":"Relat\u00f3rios Anuais - NUVAP-SCB","robots":{"index":"index","follow":"follow","max-snippet":"max-snippet:-1","max-image-preview":"max-image-preview:large","max-video-preview":"max-video-preview:-1"},"canonical":"https:\/\/scb.org.br\/nuvap\/institucional\/relatorios-anuais\/","og_locale":"pt_BR","og_type":"article","og_title":"Relat\u00f3rios Anuais - NUVAP-SCB","og_description":"2019 &#8211; Relat\u00f3rio de Atividades 2022 &#8211; Relat\u00f3rio de Atividades 2023 &#8211; Relat\u00f3rio de Atividades","og_url":"https:\/\/scb.org.br\/nuvap\/institucional\/relatorios-anuais\/","og_site_name":"NUVAP-SCB","article_modified_time":"2024-01-31T00:34:45+00:00","twitter_card":"summary_large_image","twitter_misc":{"Est. tempo de leitura":"1 minuto"},"schema":{"@context":"https:\/\/schema.org","@graph":[{"@type":"WebPage","@id":"https:\/\/scb.org.br\/nuvap\/institucional\/relatorios-anuais\/","url":"https:\/\/scb.org.br\/nuvap\/institucional\/relatorios-anuais\/","name":"Relat\u00f3rios Anuais - NUVAP-SCB","isPartOf":{"@id":"https:\/\/scb.org.br\/nuvap\/#website"},"datePublished":"2020-03-04T04:11:32+00:00","dateModified":"2024-01-31T00:34:45+00:00","breadcrumb":{"@id":"https:\/\/scb.org.br\/nuvap\/institucional\/relatorios-anuais\/#breadcrumb"},"inLanguage":"pt-BR","potentialAction":[{"@type":"ReadAction","target":["https:\/\/scb.org.br\/nuvap\/institucional\/relatorios-anuais\/"]}]},{"@type":"BreadcrumbList","@id":"https:\/\/scb.org.br\/nuvap\/institucional\/relatorios-anuais\/#breadcrumb","itemListElement":[{"@type":"ListItem","position":1,"name":"Home","item":"https:\/\/scb.org.br\/nuvap\/"},{"@type":"ListItem","position":2,"name":"Institucional","item":"https:\/\/scb.org.br\/nuvap\/institucional\/"},{"@type":"ListItem","position":3,"name":"Relat\u00f3rios Anuais"}]},{"@type":"WebSite","@id":"https:\/\/scb.org.br\/nuvap\/#website","url":"https:\/\/scb.org.br\/nuvap\/","name":"NUVAP-SCB","description":"Just another SCB site","potentialAction":[{"@type":"SearchAction","target":{"@type":"EntryPoint","urlTemplate":"https:\/\/scb.org.br\/nuvap\/?s={search_term_string}"},"query-input":{"@type":"PropertyValueSpecification","valueRequired":true,"valueName":"search_term_string"}}],"inLanguage":"pt-BR"}]}},"_links":{"self":[{"href":"https:\/\/scb.org.br\/nuvap\/wp-json\/wp\/v2\/pages\/96","targetHints":{"allow":["GET"]}}],"collection":[{"href":"https:\/\/scb.org.br\/nuvap\/wp-json\/wp\/v2\/pages"}],"about":[{"href":"https:\/\/scb.org.br\/nuvap\/wp-json\/wp\/v2\/types\/page"}],"author":[{"embeddable":true,"href":"https:\/\/scb.org.br\/nuvap\/wp-json\/wp\/v2\/users\/1"}],"replies":[{"embeddable":true,"href":"https:\/\/scb.org.br\/nuvap\/wp-json\/wp\/v2\/comments?post=96"}],"version-history":[{"count":4,"href":"https:\/\/scb.org.br\/nuvap\/wp-json\/wp\/v2\/pages\/96\/revisions"}],"predecessor-version":[{"id":233,"href":"https:\/\/scb.org.br\/nuvap\/wp-json\/wp\/v2\/pages\/96\/revisions\/233"}],"up":[{"embeddable":true,"href":"https:\/\/scb.org.br\/nuvap\/wp-json\/wp\/v2\/pages\/92"}],"wp:attachment":[{"href":"https:\/\/scb.org.br\/nuvap\/wp-json\/wp\/v2\/media?parent=96"}],"wp:term":[{"taxonomy":"author","embeddable":true,"href":"https:\/\/scb.org.br\/nuvap\/wp-json\/wp\/v2\/ppma_author?post=96"}],"curies":[{"name":"wp","href":"https:\/\/api.w.org\/{rel}","templated":true}]}}