{"id":3114,"date":"2019-08-14T15:39:05","date_gmt":"2019-08-14T18:39:05","guid":{"rendered":"https:\/\/numar.scb.org.br\/?post_type=product&amp;p=3114"},"modified":"2019-08-14T15:39:05","modified_gmt":"2019-08-14T18:39:05","slug":"a-torre-de-babel-e-seus-misterios","status":"publish","type":"product","link":"https:\/\/scb.org.br\/numar\/loja\/livros\/a-torre-de-babel-e-seus-misterios\/","title":{"rendered":"A TORRE DE BABEL E SEUS MIST\u00c9RIOS"},"content":{"rendered":"<div>Esta obra inicia-se com uma hipot\u00e9tica viagem, narrada em uma linguagem amena e bastante acess\u00edvel, retornando no tempo e no espa\u00e7o a Ur dos Caldeus na \u00e9poca de Abra\u00e3o. \u00c0 medida em que se progride de Ur para o norte, passando por v\u00e1rias cidades hist\u00f3ricas, v\u00e3o sendo apresentadas informa\u00e7\u00f5es sobre as divindades padroeiras, seus templos e o culto a elas prestado, ao mesmo tempo em que come\u00e7am a ser tra\u00e7ados paralelos com costumes, tradi\u00e7\u00f5es e linguagens de v\u00e1rios outros povos, ressaltando-se inicialmente os \u00edndios das Am\u00e9ricas, com destaque aos Incas, Maias e Astecas, al\u00e9m de grande n\u00famero de tribos do Brasil. No decorrer do texto, numerosas refer\u00eancias s\u00e3o feitas \u00e0 origem comum das representa\u00e7\u00f5es dram\u00e1ticas anuais da encarna\u00e7\u00e3o, morte e ressurrei\u00e7\u00e3o do Messias, disseminadas entre v\u00e1rios povos da antiguidade, bem como \u00e0 representa\u00e7\u00e3o simb\u00f3lica desses acontecimentos associada ao ciclo anual do percurso aparente do Sol e \u00e0 sucess\u00e3o das fases da Lua, sempre em conex\u00e3o com palavras e ideogramas da l\u00edngua sum\u00e9ria e com o relato b\u00edblico correspondente.A posi\u00e7\u00e3o criacionista de Guilherme Stein Jr. novamente se patenteia ao opor-se ele a aceitar que a astrolatria tenha constitu\u00eddo um primeiro est\u00e1gio evolutivo dos conceitos religiosos. De fato, sua abordagem comparativa indica que as concep\u00e7\u00f5es abstratas da divindade, em sua forma mais elevada, degradaram-se ao se considerar o s\u00edmbolo, que passou a represent\u00e1-las, como se fosse a pr\u00f3pria subst\u00e2ncia das id\u00e9ias. Mediante essa mesma abordagem comparativa, conclui ele tamb\u00e9m que, com a adi\u00e7\u00e3o de distintos qualificativos, sob o mesmo nome, freq\u00fcentemente abrigam-se divindades distintas, muitas vezes antit\u00e9ticas, dando origem a consider\u00e1vel dificuldade de interpreta\u00e7\u00e3o para os assiri\u00f3logos e mit\u00f3logos. De qualquer forma, a considera\u00e7\u00e3o de palavras em outras l\u00ednguas, juntamente com as concep\u00e7\u00f5es a elas subjacentes, permitiu a Guilherme Stein Jr. desenvolver sua metodologia e aos poucos ir desvendando a Interpreta\u00e7\u00e3o crist\u00e3 de vinte s\u00e9culos de mitologia. \u00c9 o volume introdut\u00f3rio da s\u00e9rie: \u201cA ORIGEM COMUM DAS L\u00cdNGUAS E DAS RELIGI\u00d5ES\u201d.<\/div>\n<div>\u00a0Brochura em policromia com 124 p\u00e1ginas<\/div>\n<div>Segunda edi\u00e7\u00e3o.<\/div>\n<div>\n<div>Cole\u00e7\u00e3o Idiomas: O tema da \u00a0Cole\u00e7\u00e3o Idiomas\u00a0abrange de forma especial os aspectos\u00a0de ordem lingu\u00edstica relacionados\u00a0com a controv\u00e9rsia entre\u00a0Cria\u00e7\u00e3o e Evolu\u00e7\u00e3o.<\/div>\n<\/div>\n","protected":false},"excerpt":{"rendered":"<p>Esta obra inicia-se com uma hipot\u00e9tica viagem, narrada em uma linguagem amena e bastante acess\u00edvel, retornando no tempo e no espa\u00e7o a Ur dos Caldeus na \u00e9poca de Abra\u00e3o. \u00c0 medida em que se progride de Ur para o norte, passando por v\u00e1rias cidades hist\u00f3ricas, v\u00e3o sendo apresentadas informa\u00e7\u00f5es sobre as divindades padroeiras, seus templos [&hellip;]<\/p>\n","protected":false},"featured_media":3115,"template":"","meta":{"_acf_changed":false,"om_disable_all_campaigns":false},"product_brand":[],"product_cat":[257],"product_tag":[247,301,302],"class_list":{"0":"post-3114","1":"product","2":"type-product","3":"status-publish","4":"has-post-thumbnail","6":"product_cat-livros","7":"product_tag-criacionismo","8":"product_tag-origem-das-linguas","9":"product_tag-torre-de-babel","10":"product_shipping_class-registro-modico","12":"first","13":"outofstock","14":"sale","15":"shipping-taxable","16":"purchasable","17":"product-type-simple"},"acf":[],"yoast_head":"<!-- This site is optimized with the Yoast SEO plugin v27.3 - https:\/\/yoast.com\/product\/yoast-seo-wordpress\/ -->\n<title>A TORRE DE BABEL E SEUS MIST\u00c9RIOS - NUMAR-SCB<\/title>\n<meta name=\"robots\" content=\"index, follow, max-snippet:-1, max-image-preview:large, max-video-preview:-1\" \/>\n<link rel=\"canonical\" href=\"https:\/\/scb.org.br\/numar\/loja\/livros\/a-torre-de-babel-e-seus-misterios\/\" \/>\n<meta property=\"og:locale\" content=\"pt_BR\" \/>\n<meta property=\"og:type\" content=\"article\" \/>\n<meta property=\"og:title\" content=\"A TORRE DE BABEL E SEUS MIST\u00c9RIOS - NUMAR-SCB\" \/>\n<meta property=\"og:description\" content=\"Esta obra inicia-se com uma hipot\u00e9tica viagem, narrada em uma linguagem amena e bastante acess\u00edvel, retornando no tempo e no espa\u00e7o a Ur dos Caldeus na \u00e9poca de Abra\u00e3o. \u00c0 medida em que se progride de Ur para o norte, passando por v\u00e1rias cidades hist\u00f3ricas, v\u00e3o sendo apresentadas informa\u00e7\u00f5es sobre as divindades padroeiras, seus templos [&hellip;]\" \/>\n<meta property=\"og:url\" content=\"https:\/\/scb.org.br\/numar\/loja\/livros\/a-torre-de-babel-e-seus-misterios\/\" \/>\n<meta property=\"og:site_name\" content=\"NUMAR-SCB\" \/>\n<meta property=\"og:image\" content=\"https:\/\/scb.org.br\/numar\/wp-content\/uploads\/sites\/6\/2019\/08\/torredebabel-1.jpg\" \/>\n\t<meta property=\"og:image:width\" content=\"158\" \/>\n\t<meta property=\"og:image:height\" content=\"226\" \/>\n\t<meta property=\"og:image:type\" content=\"image\/jpeg\" \/>\n<meta name=\"twitter:card\" content=\"summary_large_image\" \/>\n<meta name=\"twitter:label1\" content=\"Est. tempo de leitura\" \/>\n\t<meta name=\"twitter:data1\" content=\"2 minutos\" \/>\n<script type=\"application\/ld+json\" class=\"yoast-schema-graph\">{\"@context\":\"https:\\\/\\\/schema.org\",\"@graph\":[{\"@type\":\"WebPage\",\"@id\":\"https:\\\/\\\/scb.org.br\\\/numar\\\/loja\\\/livros\\\/a-torre-de-babel-e-seus-misterios\\\/\",\"url\":\"https:\\\/\\\/scb.org.br\\\/numar\\\/loja\\\/livros\\\/a-torre-de-babel-e-seus-misterios\\\/\",\"name\":\"A TORRE DE BABEL E SEUS MIST\u00c9RIOS - NUMAR-SCB\",\"isPartOf\":{\"@id\":\"https:\\\/\\\/scb.org.br\\\/numar\\\/#website\"},\"primaryImageOfPage\":{\"@id\":\"https:\\\/\\\/scb.org.br\\\/numar\\\/loja\\\/livros\\\/a-torre-de-babel-e-seus-misterios\\\/#primaryimage\"},\"image\":{\"@id\":\"https:\\\/\\\/scb.org.br\\\/numar\\\/loja\\\/livros\\\/a-torre-de-babel-e-seus-misterios\\\/#primaryimage\"},\"thumbnailUrl\":\"https:\\\/\\\/scb.org.br\\\/numar\\\/wp-content\\\/uploads\\\/sites\\\/6\\\/2019\\\/08\\\/torredebabel-1.jpg\",\"datePublished\":\"2019-08-14T18:39:05+00:00\",\"breadcrumb\":{\"@id\":\"https:\\\/\\\/scb.org.br\\\/numar\\\/loja\\\/livros\\\/a-torre-de-babel-e-seus-misterios\\\/#breadcrumb\"},\"inLanguage\":\"pt-BR\",\"potentialAction\":[{\"@type\":\"ReadAction\",\"target\":[\"https:\\\/\\\/scb.org.br\\\/numar\\\/loja\\\/livros\\\/a-torre-de-babel-e-seus-misterios\\\/\"]}]},{\"@type\":\"ImageObject\",\"inLanguage\":\"pt-BR\",\"@id\":\"https:\\\/\\\/scb.org.br\\\/numar\\\/loja\\\/livros\\\/a-torre-de-babel-e-seus-misterios\\\/#primaryimage\",\"url\":\"https:\\\/\\\/scb.org.br\\\/numar\\\/wp-content\\\/uploads\\\/sites\\\/6\\\/2019\\\/08\\\/torredebabel-1.jpg\",\"contentUrl\":\"https:\\\/\\\/scb.org.br\\\/numar\\\/wp-content\\\/uploads\\\/sites\\\/6\\\/2019\\\/08\\\/torredebabel-1.jpg\",\"width\":158,\"height\":226},{\"@type\":\"BreadcrumbList\",\"@id\":\"https:\\\/\\\/scb.org.br\\\/numar\\\/loja\\\/livros\\\/a-torre-de-babel-e-seus-misterios\\\/#breadcrumb\",\"itemListElement\":[{\"@type\":\"ListItem\",\"position\":1,\"name\":\"P\u00e1gina Inicial\",\"item\":\"https:\\\/\\\/scb.org.br\\\/numar\\\/\"},{\"@type\":\"ListItem\",\"position\":2,\"name\":\"Loja\",\"item\":\"https:\\\/\\\/scb.org.br\\\/numar\\\/loja\\\/\"},{\"@type\":\"ListItem\",\"position\":3,\"name\":\"A TORRE DE BABEL E SEUS MIST\u00c9RIOS\"}]},{\"@type\":\"WebSite\",\"@id\":\"https:\\\/\\\/scb.org.br\\\/numar\\\/#website\",\"url\":\"https:\\\/\\\/scb.org.br\\\/numar\\\/\",\"name\":\"NUMAR-SCB\",\"description\":\"N\u00facleo Maringaense da Sociedade Criacionista Brasileira\",\"publisher\":{\"@id\":\"https:\\\/\\\/scb.org.br\\\/numar\\\/#organization\"},\"potentialAction\":[{\"@type\":\"SearchAction\",\"target\":{\"@type\":\"EntryPoint\",\"urlTemplate\":\"https:\\\/\\\/scb.org.br\\\/numar\\\/?s={search_term_string}\"},\"query-input\":{\"@type\":\"PropertyValueSpecification\",\"valueRequired\":true,\"valueName\":\"search_term_string\"}}],\"inLanguage\":\"pt-BR\"},{\"@type\":\"Organization\",\"@id\":\"https:\\\/\\\/scb.org.br\\\/numar\\\/#organization\",\"name\":\"NUMAR-SCB - N\u00facleo Maringaense da Sociedade Criacionista Brasileira\",\"url\":\"https:\\\/\\\/scb.org.br\\\/numar\\\/\",\"logo\":{\"@type\":\"ImageObject\",\"inLanguage\":\"pt-BR\",\"@id\":\"https:\\\/\\\/scb.org.br\\\/numar\\\/#\\\/schema\\\/logo\\\/image\\\/\",\"url\":\"https:\\\/\\\/scb.org.br\\\/numar\\\/wp-content\\\/uploads\\\/sites\\\/6\\\/2020\\\/05\\\/logo-1.png\",\"contentUrl\":\"https:\\\/\\\/scb.org.br\\\/numar\\\/wp-content\\\/uploads\\\/sites\\\/6\\\/2020\\\/05\\\/logo-1.png\",\"width\":248,\"height\":263,\"caption\":\"NUMAR-SCB - N\u00facleo Maringaense da Sociedade Criacionista Brasileira\"},\"image\":{\"@id\":\"https:\\\/\\\/scb.org.br\\\/numar\\\/#\\\/schema\\\/logo\\\/image\\\/\"}}]}<\/script>\n<!-- \/ Yoast SEO plugin. -->","yoast_head_json":{"title":"A TORRE DE BABEL E SEUS MIST\u00c9RIOS - NUMAR-SCB","robots":{"index":"index","follow":"follow","max-snippet":"max-snippet:-1","max-image-preview":"max-image-preview:large","max-video-preview":"max-video-preview:-1"},"canonical":"https:\/\/scb.org.br\/numar\/loja\/livros\/a-torre-de-babel-e-seus-misterios\/","og_locale":"pt_BR","og_type":"article","og_title":"A TORRE DE BABEL E SEUS MIST\u00c9RIOS - NUMAR-SCB","og_description":"Esta obra inicia-se com uma hipot\u00e9tica viagem, narrada em uma linguagem amena e bastante acess\u00edvel, retornando no tempo e no espa\u00e7o a Ur dos Caldeus na \u00e9poca de Abra\u00e3o. \u00c0 medida em que se progride de Ur para o norte, passando por v\u00e1rias cidades hist\u00f3ricas, v\u00e3o sendo apresentadas informa\u00e7\u00f5es sobre as divindades padroeiras, seus templos [&hellip;]","og_url":"https:\/\/scb.org.br\/numar\/loja\/livros\/a-torre-de-babel-e-seus-misterios\/","og_site_name":"NUMAR-SCB","og_image":[{"width":158,"height":226,"url":"https:\/\/scb.org.br\/numar\/wp-content\/uploads\/sites\/6\/2019\/08\/torredebabel-1.jpg","type":"image\/jpeg"}],"twitter_card":"summary_large_image","twitter_misc":{"Est. tempo de leitura":"2 minutos"},"schema":{"@context":"https:\/\/schema.org","@graph":[{"@type":"WebPage","@id":"https:\/\/scb.org.br\/numar\/loja\/livros\/a-torre-de-babel-e-seus-misterios\/","url":"https:\/\/scb.org.br\/numar\/loja\/livros\/a-torre-de-babel-e-seus-misterios\/","name":"A TORRE DE BABEL E SEUS MIST\u00c9RIOS - NUMAR-SCB","isPartOf":{"@id":"https:\/\/scb.org.br\/numar\/#website"},"primaryImageOfPage":{"@id":"https:\/\/scb.org.br\/numar\/loja\/livros\/a-torre-de-babel-e-seus-misterios\/#primaryimage"},"image":{"@id":"https:\/\/scb.org.br\/numar\/loja\/livros\/a-torre-de-babel-e-seus-misterios\/#primaryimage"},"thumbnailUrl":"https:\/\/scb.org.br\/numar\/wp-content\/uploads\/sites\/6\/2019\/08\/torredebabel-1.jpg","datePublished":"2019-08-14T18:39:05+00:00","breadcrumb":{"@id":"https:\/\/scb.org.br\/numar\/loja\/livros\/a-torre-de-babel-e-seus-misterios\/#breadcrumb"},"inLanguage":"pt-BR","potentialAction":[{"@type":"ReadAction","target":["https:\/\/scb.org.br\/numar\/loja\/livros\/a-torre-de-babel-e-seus-misterios\/"]}]},{"@type":"ImageObject","inLanguage":"pt-BR","@id":"https:\/\/scb.org.br\/numar\/loja\/livros\/a-torre-de-babel-e-seus-misterios\/#primaryimage","url":"https:\/\/scb.org.br\/numar\/wp-content\/uploads\/sites\/6\/2019\/08\/torredebabel-1.jpg","contentUrl":"https:\/\/scb.org.br\/numar\/wp-content\/uploads\/sites\/6\/2019\/08\/torredebabel-1.jpg","width":158,"height":226},{"@type":"BreadcrumbList","@id":"https:\/\/scb.org.br\/numar\/loja\/livros\/a-torre-de-babel-e-seus-misterios\/#breadcrumb","itemListElement":[{"@type":"ListItem","position":1,"name":"P\u00e1gina Inicial","item":"https:\/\/scb.org.br\/numar\/"},{"@type":"ListItem","position":2,"name":"Loja","item":"https:\/\/scb.org.br\/numar\/loja\/"},{"@type":"ListItem","position":3,"name":"A TORRE DE BABEL E SEUS MIST\u00c9RIOS"}]},{"@type":"WebSite","@id":"https:\/\/scb.org.br\/numar\/#website","url":"https:\/\/scb.org.br\/numar\/","name":"NUMAR-SCB","description":"N\u00facleo Maringaense da Sociedade Criacionista Brasileira","publisher":{"@id":"https:\/\/scb.org.br\/numar\/#organization"},"potentialAction":[{"@type":"SearchAction","target":{"@type":"EntryPoint","urlTemplate":"https:\/\/scb.org.br\/numar\/?s={search_term_string}"},"query-input":{"@type":"PropertyValueSpecification","valueRequired":true,"valueName":"search_term_string"}}],"inLanguage":"pt-BR"},{"@type":"Organization","@id":"https:\/\/scb.org.br\/numar\/#organization","name":"NUMAR-SCB - N\u00facleo Maringaense da Sociedade Criacionista Brasileira","url":"https:\/\/scb.org.br\/numar\/","logo":{"@type":"ImageObject","inLanguage":"pt-BR","@id":"https:\/\/scb.org.br\/numar\/#\/schema\/logo\/image\/","url":"https:\/\/scb.org.br\/numar\/wp-content\/uploads\/sites\/6\/2020\/05\/logo-1.png","contentUrl":"https:\/\/scb.org.br\/numar\/wp-content\/uploads\/sites\/6\/2020\/05\/logo-1.png","width":248,"height":263,"caption":"NUMAR-SCB - N\u00facleo Maringaense da Sociedade Criacionista Brasileira"},"image":{"@id":"https:\/\/scb.org.br\/numar\/#\/schema\/logo\/image\/"}}]}},"_links":{"self":[{"href":"https:\/\/scb.org.br\/numar\/wp-json\/wp\/v2\/product\/3114","targetHints":{"allow":["GET"]}}],"collection":[{"href":"https:\/\/scb.org.br\/numar\/wp-json\/wp\/v2\/product"}],"about":[{"href":"https:\/\/scb.org.br\/numar\/wp-json\/wp\/v2\/types\/product"}],"wp:featuredmedia":[{"embeddable":true,"href":"https:\/\/scb.org.br\/numar\/wp-json\/wp\/v2\/media\/3115"}],"wp:attachment":[{"href":"https:\/\/scb.org.br\/numar\/wp-json\/wp\/v2\/media?parent=3114"}],"wp:term":[{"taxonomy":"product_brand","embeddable":true,"href":"https:\/\/scb.org.br\/numar\/wp-json\/wp\/v2\/product_brand?post=3114"},{"taxonomy":"product_cat","embeddable":true,"href":"https:\/\/scb.org.br\/numar\/wp-json\/wp\/v2\/product_cat?post=3114"},{"taxonomy":"product_tag","embeddable":true,"href":"https:\/\/scb.org.br\/numar\/wp-json\/wp\/v2\/product_tag?post=3114"}],"curies":[{"name":"wp","href":"https:\/\/api.w.org\/{rel}","templated":true}]}}