{"id":2317,"date":"2018-09-20T08:53:09","date_gmt":"2018-09-20T11:53:09","guid":{"rendered":"https:\/\/numar.scb.org.br\/?post_type=product&amp;p=2317"},"modified":"2018-09-20T08:53:09","modified_gmt":"2018-09-20T11:53:09","slug":"i-curso-de-culinaria-vegana","status":"publish","type":"product","link":"https:\/\/scb.org.br\/numar\/loja\/eventos\/i-curso-de-culinaria-vegana\/","title":{"rendered":"I Curso de Culin\u00e1ria Vegana - \"Veg Breakfast\""},"content":{"rendered":"<p><em>(Vagas Limitadas!)<\/em><\/p>\n<p>Convidamos voc\u00ea a participar de nosso primeiro Curso de Culin\u00e1ria Vegana \"VeG Breakfast\" realizado pelo NUMAR-SCB (N\u00facleo Maringaense da Sociedade Criacionista Brasileira) e Restaurante Faz Bem. O conte\u00fado do curso \u00e9 voltado para todos os interessados que queiram ter uma vida mais saud\u00e1vel!<\/p>\n<p><strong>Data:<\/strong> 10 de Outubro de 2018 \u2013 18:30 \u00e0s 22:00<\/p>\n<p><strong>Local:<\/strong>\u00a0Restaurante Faz Bem<br \/>\nAv. Colombo, 5592 - Zona 7, Maring\u00e1 \u2013 Pr\u00f3ximo \u00e0 UEM.<\/p>\n<p><strong>Professoras:<\/strong><\/p>\n<p>Marlene Puertas: Culinarista<\/p>\n<p>Rose Schneider: Culinarista Veg, Naturoterapeuta, em curso p\u00f3s em Nutri\u00e7\u00e3o na Gastronomia e Master Health Coach<\/p>\n<p><strong>Pratos:<\/strong><\/p>\n<p>Biscoito de aveia com banana<\/p>\n<p>Bolo integral de ma\u00e7\u00e3<\/p>\n<p>Equil\u00edbrio hormonal<\/p>\n<p>Geleia de morango<\/p>\n<p>Hommus<\/p>\n<p>Leite de amendoim<\/p>\n<p>Leite de castanhas<\/p>\n<p>Leite de inhame com frutas<\/p>\n<p>Manteiga vegana<\/p>\n<p>Mingau de aveia<\/p>\n<p>Omelete de Gr\u00e3o-de-bico<\/p>\n<p>Panqueca de aveia com castanhas<\/p>\n<p>P\u00e3o de Aveia<\/p>\n<p>P\u00e3o semi-integral<\/p>\n<p>P\u00e3ozinho de mandioquinha<\/p>\n<p>Pasta de amendoim<\/p>\n<p>Recheio de frutas<\/p>\n<p>Strogonoff de nozes<\/p>\n<p>Suco desintoxicante<\/p>\n<p>Suco verde<\/p>\n<p>Cevatina<\/p>\n<p>Maionese Vegetal<\/p>\n<p>Panqueca Integral<\/p>\n<p>Over Night<\/p>\n<p>Geleia Funcional de Morango e Chia<\/p>\n<p>Cuscuz Nordestino<\/p>\n<p>Fa\u00e7a j\u00e1 sua inscri\u00e7\u00e3o \u2013 apostila inclusa e degusta\u00e7\u00e3o<\/p>\n<p>Formas de Pagamento e Inscri\u00e7\u00e3o:<\/p>\n<p>-Site (pagamento atrav\u00e9s de cart\u00e3o ou boleto pelo sistema Pagseguro)<\/p>\n<p>-Restaurante Faz Bem (pagamento e inscri\u00e7\u00e3o diretamente no caixa do restaurante)<\/p>\n<p>Deposito em conta Bancaria (Dados Banc\u00e1rios: Banco do Brasil, Ag\u00eancia 3512-2,cc 37868 - 2,CNPJ: 29.175.089\/0001-09, Favorecido: Associa\u00e7\u00e3o Educacional Criacionista no Brasil - n\u00facleo Maringaense da Sociedade Criacionista Brasileira, enviar comprovante de deposito e nome completo para e-mail: numar.scb@gmail.com)<\/p>\n","protected":false},"excerpt":{"rendered":"<p>(Vagas Limitadas!) Convidamos voc\u00ea a participar de nosso primeiro Curso de Culin\u00e1ria Vegana \"VeG Breakfast\" realizado pelo NUMAR-SCB (N\u00facleo Maringaense da Sociedade Criacionista Brasileira) e Restaurante Faz Bem. O conte\u00fado do curso \u00e9 voltado para todos os interessados que queiram ter uma vida mais saud\u00e1vel! Data: 10 de Outubro de 2018 \u2013 18:30 \u00e0s 22:00 [&hellip;]<\/p>\n","protected":false},"featured_media":2322,"template":"","meta":{"_acf_changed":false,"om_disable_all_campaigns":false},"product_brand":[],"product_cat":[249],"product_tag":[274,275,276,261,277,278,279],"class_list":{"0":"post-2317","1":"product","2":"type-product","3":"status-publish","4":"has-post-thumbnail","6":"product_cat-eventos","7":"product_tag-alimentacao-saudavel","8":"product_tag-culinaria","9":"product_tag-culinaria-vegana","10":"product_tag-curso","11":"product_tag-gastronomia","12":"product_tag-vegana","13":"product_tag-vida-saudavel","15":"first","16":"outofstock","17":"sale","18":"featured","19":"virtual","20":"purchasable","21":"product-type-simple"},"acf":[],"yoast_head":"<!-- This site is optimized with the Yoast SEO plugin v27.3 - https:\/\/yoast.com\/product\/yoast-seo-wordpress\/ -->\n<title>I Curso de Culin\u00e1ria Vegana - &quot;Veg Breakfast&quot; - NUMAR-SCB<\/title>\n<meta name=\"robots\" content=\"index, follow, max-snippet:-1, max-image-preview:large, max-video-preview:-1\" \/>\n<link rel=\"canonical\" href=\"https:\/\/scb.org.br\/numar\/loja\/eventos\/i-curso-de-culinaria-vegana\/\" \/>\n<meta property=\"og:locale\" content=\"pt_BR\" \/>\n<meta property=\"og:type\" content=\"article\" \/>\n<meta property=\"og:title\" content=\"I Curso de Culin\u00e1ria Vegana - &quot;Veg Breakfast&quot; - NUMAR-SCB\" \/>\n<meta property=\"og:description\" content=\"(Vagas Limitadas!) Convidamos voc\u00ea a participar de nosso primeiro Curso de Culin\u00e1ria Vegana &quot;VeG Breakfast&quot; realizado pelo NUMAR-SCB (N\u00facleo Maringaense da Sociedade Criacionista Brasileira) e Restaurante Faz Bem. O conte\u00fado do curso \u00e9 voltado para todos os interessados que queiram ter uma vida mais saud\u00e1vel! Data: 10 de Outubro de 2018 \u2013 18:30 \u00e0s 22:00 [&hellip;]\" \/>\n<meta property=\"og:url\" content=\"https:\/\/scb.org.br\/numar\/loja\/eventos\/i-curso-de-culinaria-vegana\/\" \/>\n<meta property=\"og:site_name\" content=\"NUMAR-SCB\" \/>\n<meta property=\"og:image\" content=\"https:\/\/scb.org.br\/numar\/wp-content\/uploads\/sites\/6\/2018\/09\/Curso-de-Culinaria-Arte-Site-1.jpeg\" \/>\n\t<meta property=\"og:image:width\" content=\"457\" \/>\n\t<meta property=\"og:image:height\" content=\"401\" \/>\n\t<meta property=\"og:image:type\" content=\"image\/jpeg\" \/>\n<meta name=\"twitter:card\" content=\"summary_large_image\" \/>\n<meta name=\"twitter:label1\" content=\"Est. tempo de leitura\" \/>\n\t<meta name=\"twitter:data1\" content=\"1 minuto\" \/>\n<script type=\"application\/ld+json\" class=\"yoast-schema-graph\">{\"@context\":\"https:\\\/\\\/schema.org\",\"@graph\":[{\"@type\":\"WebPage\",\"@id\":\"https:\\\/\\\/scb.org.br\\\/numar\\\/loja\\\/eventos\\\/i-curso-de-culinaria-vegana\\\/\",\"url\":\"https:\\\/\\\/scb.org.br\\\/numar\\\/loja\\\/eventos\\\/i-curso-de-culinaria-vegana\\\/\",\"name\":\"I Curso de Culin\u00e1ria Vegana - \\\"Veg Breakfast\\\" - NUMAR-SCB\",\"isPartOf\":{\"@id\":\"https:\\\/\\\/scb.org.br\\\/numar\\\/#website\"},\"primaryImageOfPage\":{\"@id\":\"https:\\\/\\\/scb.org.br\\\/numar\\\/loja\\\/eventos\\\/i-curso-de-culinaria-vegana\\\/#primaryimage\"},\"image\":{\"@id\":\"https:\\\/\\\/scb.org.br\\\/numar\\\/loja\\\/eventos\\\/i-curso-de-culinaria-vegana\\\/#primaryimage\"},\"thumbnailUrl\":\"https:\\\/\\\/scb.org.br\\\/numar\\\/wp-content\\\/uploads\\\/sites\\\/6\\\/2018\\\/09\\\/Curso-de-Culinaria-Arte-Site-1.jpeg\",\"datePublished\":\"2018-09-20T11:53:09+00:00\",\"breadcrumb\":{\"@id\":\"https:\\\/\\\/scb.org.br\\\/numar\\\/loja\\\/eventos\\\/i-curso-de-culinaria-vegana\\\/#breadcrumb\"},\"inLanguage\":\"pt-BR\",\"potentialAction\":[{\"@type\":\"ReadAction\",\"target\":[\"https:\\\/\\\/scb.org.br\\\/numar\\\/loja\\\/eventos\\\/i-curso-de-culinaria-vegana\\\/\"]}]},{\"@type\":\"ImageObject\",\"inLanguage\":\"pt-BR\",\"@id\":\"https:\\\/\\\/scb.org.br\\\/numar\\\/loja\\\/eventos\\\/i-curso-de-culinaria-vegana\\\/#primaryimage\",\"url\":\"https:\\\/\\\/scb.org.br\\\/numar\\\/wp-content\\\/uploads\\\/sites\\\/6\\\/2018\\\/09\\\/Curso-de-Culinaria-Arte-Site-1.jpeg\",\"contentUrl\":\"https:\\\/\\\/scb.org.br\\\/numar\\\/wp-content\\\/uploads\\\/sites\\\/6\\\/2018\\\/09\\\/Curso-de-Culinaria-Arte-Site-1.jpeg\",\"width\":457,\"height\":401},{\"@type\":\"BreadcrumbList\",\"@id\":\"https:\\\/\\\/scb.org.br\\\/numar\\\/loja\\\/eventos\\\/i-curso-de-culinaria-vegana\\\/#breadcrumb\",\"itemListElement\":[{\"@type\":\"ListItem\",\"position\":1,\"name\":\"P\u00e1gina Inicial\",\"item\":\"https:\\\/\\\/scb.org.br\\\/numar\\\/\"},{\"@type\":\"ListItem\",\"position\":2,\"name\":\"Loja\",\"item\":\"https:\\\/\\\/scb.org.br\\\/numar\\\/loja\\\/\"},{\"@type\":\"ListItem\",\"position\":3,\"name\":\"I Curso de Culin\u00e1ria Vegana - \\\"Veg Breakfast\\\"\"}]},{\"@type\":\"WebSite\",\"@id\":\"https:\\\/\\\/scb.org.br\\\/numar\\\/#website\",\"url\":\"https:\\\/\\\/scb.org.br\\\/numar\\\/\",\"name\":\"NUMAR-SCB\",\"description\":\"N\u00facleo Maringaense da Sociedade Criacionista Brasileira\",\"publisher\":{\"@id\":\"https:\\\/\\\/scb.org.br\\\/numar\\\/#organization\"},\"potentialAction\":[{\"@type\":\"SearchAction\",\"target\":{\"@type\":\"EntryPoint\",\"urlTemplate\":\"https:\\\/\\\/scb.org.br\\\/numar\\\/?s={search_term_string}\"},\"query-input\":{\"@type\":\"PropertyValueSpecification\",\"valueRequired\":true,\"valueName\":\"search_term_string\"}}],\"inLanguage\":\"pt-BR\"},{\"@type\":\"Organization\",\"@id\":\"https:\\\/\\\/scb.org.br\\\/numar\\\/#organization\",\"name\":\"NUMAR-SCB - N\u00facleo Maringaense da Sociedade Criacionista Brasileira\",\"url\":\"https:\\\/\\\/scb.org.br\\\/numar\\\/\",\"logo\":{\"@type\":\"ImageObject\",\"inLanguage\":\"pt-BR\",\"@id\":\"https:\\\/\\\/scb.org.br\\\/numar\\\/#\\\/schema\\\/logo\\\/image\\\/\",\"url\":\"https:\\\/\\\/scb.org.br\\\/numar\\\/wp-content\\\/uploads\\\/sites\\\/6\\\/2020\\\/05\\\/logo-1.png\",\"contentUrl\":\"https:\\\/\\\/scb.org.br\\\/numar\\\/wp-content\\\/uploads\\\/sites\\\/6\\\/2020\\\/05\\\/logo-1.png\",\"width\":248,\"height\":263,\"caption\":\"NUMAR-SCB - N\u00facleo Maringaense da Sociedade Criacionista Brasileira\"},\"image\":{\"@id\":\"https:\\\/\\\/scb.org.br\\\/numar\\\/#\\\/schema\\\/logo\\\/image\\\/\"}}]}<\/script>\n<!-- \/ Yoast SEO plugin. -->","yoast_head_json":{"title":"I Curso de Culin\u00e1ria Vegana - \"Veg Breakfast\" - NUMAR-SCB","robots":{"index":"index","follow":"follow","max-snippet":"max-snippet:-1","max-image-preview":"max-image-preview:large","max-video-preview":"max-video-preview:-1"},"canonical":"https:\/\/scb.org.br\/numar\/loja\/eventos\/i-curso-de-culinaria-vegana\/","og_locale":"pt_BR","og_type":"article","og_title":"I Curso de Culin\u00e1ria Vegana - \"Veg Breakfast\" - NUMAR-SCB","og_description":"(Vagas Limitadas!) Convidamos voc\u00ea a participar de nosso primeiro Curso de Culin\u00e1ria Vegana \"VeG Breakfast\" realizado pelo NUMAR-SCB (N\u00facleo Maringaense da Sociedade Criacionista Brasileira) e Restaurante Faz Bem. O conte\u00fado do curso \u00e9 voltado para todos os interessados que queiram ter uma vida mais saud\u00e1vel! Data: 10 de Outubro de 2018 \u2013 18:30 \u00e0s 22:00 [&hellip;]","og_url":"https:\/\/scb.org.br\/numar\/loja\/eventos\/i-curso-de-culinaria-vegana\/","og_site_name":"NUMAR-SCB","og_image":[{"width":457,"height":401,"url":"https:\/\/scb.org.br\/numar\/wp-content\/uploads\/sites\/6\/2018\/09\/Curso-de-Culinaria-Arte-Site-1.jpeg","type":"image\/jpeg"}],"twitter_card":"summary_large_image","twitter_misc":{"Est. tempo de leitura":"1 minuto"},"schema":{"@context":"https:\/\/schema.org","@graph":[{"@type":"WebPage","@id":"https:\/\/scb.org.br\/numar\/loja\/eventos\/i-curso-de-culinaria-vegana\/","url":"https:\/\/scb.org.br\/numar\/loja\/eventos\/i-curso-de-culinaria-vegana\/","name":"I Curso de Culin\u00e1ria Vegana - \"Veg Breakfast\" - NUMAR-SCB","isPartOf":{"@id":"https:\/\/scb.org.br\/numar\/#website"},"primaryImageOfPage":{"@id":"https:\/\/scb.org.br\/numar\/loja\/eventos\/i-curso-de-culinaria-vegana\/#primaryimage"},"image":{"@id":"https:\/\/scb.org.br\/numar\/loja\/eventos\/i-curso-de-culinaria-vegana\/#primaryimage"},"thumbnailUrl":"https:\/\/scb.org.br\/numar\/wp-content\/uploads\/sites\/6\/2018\/09\/Curso-de-Culinaria-Arte-Site-1.jpeg","datePublished":"2018-09-20T11:53:09+00:00","breadcrumb":{"@id":"https:\/\/scb.org.br\/numar\/loja\/eventos\/i-curso-de-culinaria-vegana\/#breadcrumb"},"inLanguage":"pt-BR","potentialAction":[{"@type":"ReadAction","target":["https:\/\/scb.org.br\/numar\/loja\/eventos\/i-curso-de-culinaria-vegana\/"]}]},{"@type":"ImageObject","inLanguage":"pt-BR","@id":"https:\/\/scb.org.br\/numar\/loja\/eventos\/i-curso-de-culinaria-vegana\/#primaryimage","url":"https:\/\/scb.org.br\/numar\/wp-content\/uploads\/sites\/6\/2018\/09\/Curso-de-Culinaria-Arte-Site-1.jpeg","contentUrl":"https:\/\/scb.org.br\/numar\/wp-content\/uploads\/sites\/6\/2018\/09\/Curso-de-Culinaria-Arte-Site-1.jpeg","width":457,"height":401},{"@type":"BreadcrumbList","@id":"https:\/\/scb.org.br\/numar\/loja\/eventos\/i-curso-de-culinaria-vegana\/#breadcrumb","itemListElement":[{"@type":"ListItem","position":1,"name":"P\u00e1gina Inicial","item":"https:\/\/scb.org.br\/numar\/"},{"@type":"ListItem","position":2,"name":"Loja","item":"https:\/\/scb.org.br\/numar\/loja\/"},{"@type":"ListItem","position":3,"name":"I Curso de Culin\u00e1ria Vegana - \"Veg Breakfast\""}]},{"@type":"WebSite","@id":"https:\/\/scb.org.br\/numar\/#website","url":"https:\/\/scb.org.br\/numar\/","name":"NUMAR-SCB","description":"N\u00facleo Maringaense da Sociedade Criacionista Brasileira","publisher":{"@id":"https:\/\/scb.org.br\/numar\/#organization"},"potentialAction":[{"@type":"SearchAction","target":{"@type":"EntryPoint","urlTemplate":"https:\/\/scb.org.br\/numar\/?s={search_term_string}"},"query-input":{"@type":"PropertyValueSpecification","valueRequired":true,"valueName":"search_term_string"}}],"inLanguage":"pt-BR"},{"@type":"Organization","@id":"https:\/\/scb.org.br\/numar\/#organization","name":"NUMAR-SCB - N\u00facleo Maringaense da Sociedade Criacionista Brasileira","url":"https:\/\/scb.org.br\/numar\/","logo":{"@type":"ImageObject","inLanguage":"pt-BR","@id":"https:\/\/scb.org.br\/numar\/#\/schema\/logo\/image\/","url":"https:\/\/scb.org.br\/numar\/wp-content\/uploads\/sites\/6\/2020\/05\/logo-1.png","contentUrl":"https:\/\/scb.org.br\/numar\/wp-content\/uploads\/sites\/6\/2020\/05\/logo-1.png","width":248,"height":263,"caption":"NUMAR-SCB - N\u00facleo Maringaense da Sociedade Criacionista Brasileira"},"image":{"@id":"https:\/\/scb.org.br\/numar\/#\/schema\/logo\/image\/"}}]}},"_links":{"self":[{"href":"https:\/\/scb.org.br\/numar\/wp-json\/wp\/v2\/product\/2317","targetHints":{"allow":["GET"]}}],"collection":[{"href":"https:\/\/scb.org.br\/numar\/wp-json\/wp\/v2\/product"}],"about":[{"href":"https:\/\/scb.org.br\/numar\/wp-json\/wp\/v2\/types\/product"}],"wp:featuredmedia":[{"embeddable":true,"href":"https:\/\/scb.org.br\/numar\/wp-json\/wp\/v2\/media\/2322"}],"wp:attachment":[{"href":"https:\/\/scb.org.br\/numar\/wp-json\/wp\/v2\/media?parent=2317"}],"wp:term":[{"taxonomy":"product_brand","embeddable":true,"href":"https:\/\/scb.org.br\/numar\/wp-json\/wp\/v2\/product_brand?post=2317"},{"taxonomy":"product_cat","embeddable":true,"href":"https:\/\/scb.org.br\/numar\/wp-json\/wp\/v2\/product_cat?post=2317"},{"taxonomy":"product_tag","embeddable":true,"href":"https:\/\/scb.org.br\/numar\/wp-json\/wp\/v2\/product_tag?post=2317"}],"curies":[{"name":"wp","href":"https:\/\/api.w.org\/{rel}","templated":true}]}}