{"id":2027,"date":"2018-04-13T13:32:17","date_gmt":"2018-04-13T16:32:17","guid":{"rendered":"https:\/\/numar.scb.org.br\/?post_type=product&amp;p=2027"},"modified":"2018-04-13T13:32:17","modified_gmt":"2018-04-13T16:32:17","slug":"super-curso-de-oratoria","status":"publish","type":"product","link":"https:\/\/scb.org.br\/numar\/loja\/eventos\/super-curso-de-oratoria\/","title":{"rendered":"Super Curso de Orat\u00f3ria"},"content":{"rendered":"[calendar id=\"1832\"] Dificuldade para se expressar em reuni\u00f5es de trabalho? Em semin\u00e1rios? Em apresenta\u00e7\u00f5es na faculdade? Administre sua timidez e treine sua Orat\u00f3ria conosco.<\/p>\n<h3>Super Curso de Orat\u00f3ria<\/h3>\n<p><strong>(VAGAS LIMITADAS)<\/strong><\/p>\n<ul>\n<li>Como fazer apresenta\u00e7\u00f5es profissionais<\/li>\n<li>Controlando o medo<\/li>\n<li>Ningu\u00e9m nasce t\u00edmido<\/li>\n<li>Os maiores erros de uma apresenta\u00e7\u00e3o<\/li>\n<li>Princ\u00edpios da Orat\u00f3ria<\/li>\n<li>Linguagem n\u00e3o verbal<\/li>\n<li>Deu branco, e agora?<\/li>\n<li>Uso do espa\u00e7o c\u00eanico<\/li>\n<li>Curso 60% pr\u00e1tico<\/li>\n<\/ul>\n<p>Programa de forma\u00e7\u00e3o com mais de 15 horas<br \/>\n<strong>18 a 21 de Junho - Das 19h \u00e0s 22h30<\/strong><\/p>\n<p>Av. Dr. Mario Clapier Urbinati, 15,<br \/>\nSala 08, Jd. Universit\u00e1rio.<br \/>\nCEP: 87020-260 - Maring\u00e1-PR<br \/>\n(Pr\u00f3ximo \u00e0 UEM)<\/p>\n<p>Realiza\u00e7\u00e3o<br \/>\nN\u00facleo Maringaense da Sociedade Criacionista Brasileira.<\/p>\n<p>Sobre o professor\/instrutor<br \/>\nAltair Godoy<\/p>\n<p>- Jornalista, registro profissional MTB 0010631<br \/>\n- Palestrante<br \/>\n- Ex-t\u00edmido<br \/>\n- Atua h\u00e1 mais de 10 anos com comunica\u00e7\u00e3o<br \/>\n- Pioneiro no Stand Up-Comedy maringaense<\/p>\n<p>Investimento do curso R$ 250,00<br \/>\n(Para aqueles que garantirem sua matr\u00edcula ainda em Abril, o valor \u00e9 de R$ 200,00)<\/p>\n<p><span style=\"color: #ff0000\">Com certificado v\u00e1lido em todo territ\u00f3rio nacional<\/span><\/p>\n","protected":false},"excerpt":{"rendered":"<p>[calendar id=\"1832\"] Dificuldade para se expressar em reuni\u00f5es de trabalho? Em semin\u00e1rios? Em apresenta\u00e7\u00f5es na faculdade? Administre sua timidez e treine sua Orat\u00f3ria conosco. Super Curso de Orat\u00f3ria (VAGAS LIMITADAS) Como fazer apresenta\u00e7\u00f5es profissionais Controlando o medo Ningu\u00e9m nasce t\u00edmido Os maiores erros de uma apresenta\u00e7\u00e3o Princ\u00edpios da Orat\u00f3ria Linguagem n\u00e3o verbal Deu branco, e [&hellip;]<\/p>\n","protected":false},"featured_media":2028,"template":"","meta":{"_acf_changed":false,"om_disable_all_campaigns":false},"product_brand":[],"product_cat":[249],"product_tag":[264,265,266],"class_list":{"0":"post-2027","1":"product","2":"type-product","3":"status-publish","4":"has-post-thumbnail","6":"product_cat-eventos","7":"product_tag-arte-de-falar-em-publico","8":"product_tag-falar-em-publico","9":"product_tag-oratoria","11":"first","12":"outofstock","13":"sale","14":"virtual","15":"purchasable","16":"product-type-simple"},"acf":[],"yoast_head":"<!-- This site is optimized with the Yoast SEO plugin v27.3 - https:\/\/yoast.com\/product\/yoast-seo-wordpress\/ -->\n<title>Super Curso de Orat\u00f3ria - NUMAR-SCB<\/title>\n<meta name=\"robots\" content=\"index, follow, max-snippet:-1, max-image-preview:large, max-video-preview:-1\" \/>\n<link rel=\"canonical\" href=\"https:\/\/scb.org.br\/numar\/loja\/eventos\/super-curso-de-oratoria\/\" \/>\n<meta property=\"og:locale\" content=\"pt_BR\" \/>\n<meta property=\"og:type\" content=\"article\" \/>\n<meta property=\"og:title\" content=\"Super Curso de Orat\u00f3ria - NUMAR-SCB\" \/>\n<meta property=\"og:description\" content=\"[calendar id=&quot;1832&quot;] Dificuldade para se expressar em reuni\u00f5es de trabalho? Em semin\u00e1rios? Em apresenta\u00e7\u00f5es na faculdade? Administre sua timidez e treine sua Orat\u00f3ria conosco. Super Curso de Orat\u00f3ria (VAGAS LIMITADAS) Como fazer apresenta\u00e7\u00f5es profissionais Controlando o medo Ningu\u00e9m nasce t\u00edmido Os maiores erros de uma apresenta\u00e7\u00e3o Princ\u00edpios da Orat\u00f3ria Linguagem n\u00e3o verbal Deu branco, e [&hellip;]\" \/>\n<meta property=\"og:url\" content=\"https:\/\/scb.org.br\/numar\/loja\/eventos\/super-curso-de-oratoria\/\" \/>\n<meta property=\"og:site_name\" content=\"NUMAR-SCB\" \/>\n<meta property=\"og:image\" content=\"https:\/\/scb.org.br\/numar\/wp-content\/uploads\/sites\/6\/2018\/04\/30184746_954735668025976_1200858394_n-1.jpg\" \/>\n\t<meta property=\"og:image:width\" content=\"960\" \/>\n\t<meta property=\"og:image:height\" content=\"960\" \/>\n\t<meta property=\"og:image:type\" content=\"image\/jpeg\" \/>\n<meta name=\"twitter:card\" content=\"summary_large_image\" \/>\n<meta name=\"twitter:label1\" content=\"Est. tempo de leitura\" \/>\n\t<meta name=\"twitter:data1\" content=\"1 minuto\" \/>\n<script type=\"application\/ld+json\" class=\"yoast-schema-graph\">{\"@context\":\"https:\\\/\\\/schema.org\",\"@graph\":[{\"@type\":\"WebPage\",\"@id\":\"https:\\\/\\\/scb.org.br\\\/numar\\\/loja\\\/eventos\\\/super-curso-de-oratoria\\\/\",\"url\":\"https:\\\/\\\/scb.org.br\\\/numar\\\/loja\\\/eventos\\\/super-curso-de-oratoria\\\/\",\"name\":\"Super Curso de Orat\u00f3ria - NUMAR-SCB\",\"isPartOf\":{\"@id\":\"https:\\\/\\\/scb.org.br\\\/numar\\\/#website\"},\"primaryImageOfPage\":{\"@id\":\"https:\\\/\\\/scb.org.br\\\/numar\\\/loja\\\/eventos\\\/super-curso-de-oratoria\\\/#primaryimage\"},\"image\":{\"@id\":\"https:\\\/\\\/scb.org.br\\\/numar\\\/loja\\\/eventos\\\/super-curso-de-oratoria\\\/#primaryimage\"},\"thumbnailUrl\":\"https:\\\/\\\/scb.org.br\\\/numar\\\/wp-content\\\/uploads\\\/sites\\\/6\\\/2018\\\/04\\\/30184746_954735668025976_1200858394_n-1.jpg\",\"datePublished\":\"2018-04-13T16:32:17+00:00\",\"breadcrumb\":{\"@id\":\"https:\\\/\\\/scb.org.br\\\/numar\\\/loja\\\/eventos\\\/super-curso-de-oratoria\\\/#breadcrumb\"},\"inLanguage\":\"pt-BR\",\"potentialAction\":[{\"@type\":\"ReadAction\",\"target\":[\"https:\\\/\\\/scb.org.br\\\/numar\\\/loja\\\/eventos\\\/super-curso-de-oratoria\\\/\"]}]},{\"@type\":\"ImageObject\",\"inLanguage\":\"pt-BR\",\"@id\":\"https:\\\/\\\/scb.org.br\\\/numar\\\/loja\\\/eventos\\\/super-curso-de-oratoria\\\/#primaryimage\",\"url\":\"https:\\\/\\\/scb.org.br\\\/numar\\\/wp-content\\\/uploads\\\/sites\\\/6\\\/2018\\\/04\\\/30184746_954735668025976_1200858394_n-1.jpg\",\"contentUrl\":\"https:\\\/\\\/scb.org.br\\\/numar\\\/wp-content\\\/uploads\\\/sites\\\/6\\\/2018\\\/04\\\/30184746_954735668025976_1200858394_n-1.jpg\",\"width\":960,\"height\":960},{\"@type\":\"BreadcrumbList\",\"@id\":\"https:\\\/\\\/scb.org.br\\\/numar\\\/loja\\\/eventos\\\/super-curso-de-oratoria\\\/#breadcrumb\",\"itemListElement\":[{\"@type\":\"ListItem\",\"position\":1,\"name\":\"P\u00e1gina Inicial\",\"item\":\"https:\\\/\\\/scb.org.br\\\/numar\\\/\"},{\"@type\":\"ListItem\",\"position\":2,\"name\":\"Loja\",\"item\":\"https:\\\/\\\/scb.org.br\\\/numar\\\/loja\\\/\"},{\"@type\":\"ListItem\",\"position\":3,\"name\":\"Super Curso de Orat\u00f3ria\"}]},{\"@type\":\"WebSite\",\"@id\":\"https:\\\/\\\/scb.org.br\\\/numar\\\/#website\",\"url\":\"https:\\\/\\\/scb.org.br\\\/numar\\\/\",\"name\":\"NUMAR-SCB\",\"description\":\"N\u00facleo Maringaense da Sociedade Criacionista Brasileira\",\"publisher\":{\"@id\":\"https:\\\/\\\/scb.org.br\\\/numar\\\/#organization\"},\"potentialAction\":[{\"@type\":\"SearchAction\",\"target\":{\"@type\":\"EntryPoint\",\"urlTemplate\":\"https:\\\/\\\/scb.org.br\\\/numar\\\/?s={search_term_string}\"},\"query-input\":{\"@type\":\"PropertyValueSpecification\",\"valueRequired\":true,\"valueName\":\"search_term_string\"}}],\"inLanguage\":\"pt-BR\"},{\"@type\":\"Organization\",\"@id\":\"https:\\\/\\\/scb.org.br\\\/numar\\\/#organization\",\"name\":\"NUMAR-SCB - N\u00facleo Maringaense da Sociedade Criacionista Brasileira\",\"url\":\"https:\\\/\\\/scb.org.br\\\/numar\\\/\",\"logo\":{\"@type\":\"ImageObject\",\"inLanguage\":\"pt-BR\",\"@id\":\"https:\\\/\\\/scb.org.br\\\/numar\\\/#\\\/schema\\\/logo\\\/image\\\/\",\"url\":\"https:\\\/\\\/scb.org.br\\\/numar\\\/wp-content\\\/uploads\\\/sites\\\/6\\\/2020\\\/05\\\/logo-1.png\",\"contentUrl\":\"https:\\\/\\\/scb.org.br\\\/numar\\\/wp-content\\\/uploads\\\/sites\\\/6\\\/2020\\\/05\\\/logo-1.png\",\"width\":248,\"height\":263,\"caption\":\"NUMAR-SCB - N\u00facleo Maringaense da Sociedade Criacionista Brasileira\"},\"image\":{\"@id\":\"https:\\\/\\\/scb.org.br\\\/numar\\\/#\\\/schema\\\/logo\\\/image\\\/\"}}]}<\/script>\n<!-- \/ Yoast SEO plugin. -->","yoast_head_json":{"title":"Super Curso de Orat\u00f3ria - NUMAR-SCB","robots":{"index":"index","follow":"follow","max-snippet":"max-snippet:-1","max-image-preview":"max-image-preview:large","max-video-preview":"max-video-preview:-1"},"canonical":"https:\/\/scb.org.br\/numar\/loja\/eventos\/super-curso-de-oratoria\/","og_locale":"pt_BR","og_type":"article","og_title":"Super Curso de Orat\u00f3ria - NUMAR-SCB","og_description":"[calendar id=\"1832\"] Dificuldade para se expressar em reuni\u00f5es de trabalho? Em semin\u00e1rios? Em apresenta\u00e7\u00f5es na faculdade? Administre sua timidez e treine sua Orat\u00f3ria conosco. Super Curso de Orat\u00f3ria (VAGAS LIMITADAS) Como fazer apresenta\u00e7\u00f5es profissionais Controlando o medo Ningu\u00e9m nasce t\u00edmido Os maiores erros de uma apresenta\u00e7\u00e3o Princ\u00edpios da Orat\u00f3ria Linguagem n\u00e3o verbal Deu branco, e [&hellip;]","og_url":"https:\/\/scb.org.br\/numar\/loja\/eventos\/super-curso-de-oratoria\/","og_site_name":"NUMAR-SCB","og_image":[{"width":960,"height":960,"url":"https:\/\/scb.org.br\/numar\/wp-content\/uploads\/sites\/6\/2018\/04\/30184746_954735668025976_1200858394_n-1.jpg","type":"image\/jpeg"}],"twitter_card":"summary_large_image","twitter_misc":{"Est. tempo de leitura":"1 minuto"},"schema":{"@context":"https:\/\/schema.org","@graph":[{"@type":"WebPage","@id":"https:\/\/scb.org.br\/numar\/loja\/eventos\/super-curso-de-oratoria\/","url":"https:\/\/scb.org.br\/numar\/loja\/eventos\/super-curso-de-oratoria\/","name":"Super Curso de Orat\u00f3ria - NUMAR-SCB","isPartOf":{"@id":"https:\/\/scb.org.br\/numar\/#website"},"primaryImageOfPage":{"@id":"https:\/\/scb.org.br\/numar\/loja\/eventos\/super-curso-de-oratoria\/#primaryimage"},"image":{"@id":"https:\/\/scb.org.br\/numar\/loja\/eventos\/super-curso-de-oratoria\/#primaryimage"},"thumbnailUrl":"https:\/\/scb.org.br\/numar\/wp-content\/uploads\/sites\/6\/2018\/04\/30184746_954735668025976_1200858394_n-1.jpg","datePublished":"2018-04-13T16:32:17+00:00","breadcrumb":{"@id":"https:\/\/scb.org.br\/numar\/loja\/eventos\/super-curso-de-oratoria\/#breadcrumb"},"inLanguage":"pt-BR","potentialAction":[{"@type":"ReadAction","target":["https:\/\/scb.org.br\/numar\/loja\/eventos\/super-curso-de-oratoria\/"]}]},{"@type":"ImageObject","inLanguage":"pt-BR","@id":"https:\/\/scb.org.br\/numar\/loja\/eventos\/super-curso-de-oratoria\/#primaryimage","url":"https:\/\/scb.org.br\/numar\/wp-content\/uploads\/sites\/6\/2018\/04\/30184746_954735668025976_1200858394_n-1.jpg","contentUrl":"https:\/\/scb.org.br\/numar\/wp-content\/uploads\/sites\/6\/2018\/04\/30184746_954735668025976_1200858394_n-1.jpg","width":960,"height":960},{"@type":"BreadcrumbList","@id":"https:\/\/scb.org.br\/numar\/loja\/eventos\/super-curso-de-oratoria\/#breadcrumb","itemListElement":[{"@type":"ListItem","position":1,"name":"P\u00e1gina Inicial","item":"https:\/\/scb.org.br\/numar\/"},{"@type":"ListItem","position":2,"name":"Loja","item":"https:\/\/scb.org.br\/numar\/loja\/"},{"@type":"ListItem","position":3,"name":"Super Curso de Orat\u00f3ria"}]},{"@type":"WebSite","@id":"https:\/\/scb.org.br\/numar\/#website","url":"https:\/\/scb.org.br\/numar\/","name":"NUMAR-SCB","description":"N\u00facleo Maringaense da Sociedade Criacionista Brasileira","publisher":{"@id":"https:\/\/scb.org.br\/numar\/#organization"},"potentialAction":[{"@type":"SearchAction","target":{"@type":"EntryPoint","urlTemplate":"https:\/\/scb.org.br\/numar\/?s={search_term_string}"},"query-input":{"@type":"PropertyValueSpecification","valueRequired":true,"valueName":"search_term_string"}}],"inLanguage":"pt-BR"},{"@type":"Organization","@id":"https:\/\/scb.org.br\/numar\/#organization","name":"NUMAR-SCB - N\u00facleo Maringaense da Sociedade Criacionista Brasileira","url":"https:\/\/scb.org.br\/numar\/","logo":{"@type":"ImageObject","inLanguage":"pt-BR","@id":"https:\/\/scb.org.br\/numar\/#\/schema\/logo\/image\/","url":"https:\/\/scb.org.br\/numar\/wp-content\/uploads\/sites\/6\/2020\/05\/logo-1.png","contentUrl":"https:\/\/scb.org.br\/numar\/wp-content\/uploads\/sites\/6\/2020\/05\/logo-1.png","width":248,"height":263,"caption":"NUMAR-SCB - N\u00facleo Maringaense da Sociedade Criacionista Brasileira"},"image":{"@id":"https:\/\/scb.org.br\/numar\/#\/schema\/logo\/image\/"}}]}},"_links":{"self":[{"href":"https:\/\/scb.org.br\/numar\/wp-json\/wp\/v2\/product\/2027","targetHints":{"allow":["GET"]}}],"collection":[{"href":"https:\/\/scb.org.br\/numar\/wp-json\/wp\/v2\/product"}],"about":[{"href":"https:\/\/scb.org.br\/numar\/wp-json\/wp\/v2\/types\/product"}],"wp:featuredmedia":[{"embeddable":true,"href":"https:\/\/scb.org.br\/numar\/wp-json\/wp\/v2\/media\/2028"}],"wp:attachment":[{"href":"https:\/\/scb.org.br\/numar\/wp-json\/wp\/v2\/media?parent=2027"}],"wp:term":[{"taxonomy":"product_brand","embeddable":true,"href":"https:\/\/scb.org.br\/numar\/wp-json\/wp\/v2\/product_brand?post=2027"},{"taxonomy":"product_cat","embeddable":true,"href":"https:\/\/scb.org.br\/numar\/wp-json\/wp\/v2\/product_cat?post=2027"},{"taxonomy":"product_tag","embeddable":true,"href":"https:\/\/scb.org.br\/numar\/wp-json\/wp\/v2\/product_tag?post=2027"}],"curies":[{"name":"wp","href":"https:\/\/api.w.org\/{rel}","templated":true}]}}