{"id":1983,"date":"2018-04-06T17:05:50","date_gmt":"2018-04-06T20:05:50","guid":{"rendered":"https:\/\/numar.scb.org.br\/?post_type=product&amp;p=1983"},"modified":"2018-04-06T17:05:50","modified_gmt":"2018-04-06T20:05:50","slug":"iii-curso-pratico-de-astronomia","status":"publish","type":"product","link":"https:\/\/scb.org.br\/numar\/loja\/eventos\/iii-curso-pratico-de-astronomia\/","title":{"rendered":"III Curso Pr\u00e1tico de Astronomia"},"content":{"rendered":"<p>(<strong>INSCRI\u00c7\u00d5ES LIMITADAS!<\/strong>)<\/p>\n<p>O fasc\u00ednio pelas estrelas acompanhou a humanidade desde o in\u00edcio das primeiras civiliza\u00e7\u00f5es, mas o estudo b\u00e1sico das leis que regem o universo ficou nas m\u00e3os de apenas poucos homens, \u00e0queles que um dia foram chamados de magos ou s\u00e1bios; desde a \u00f3tica moderna, esses homens foram os primeiros astr\u00f4nomos. Hoje, gra\u00e7as \u00e0 dissemina\u00e7\u00e3o da ci\u00eancia e\u00a0ao avan\u00e7o da tecnologia, podemos fazer parte dos amantes das estrelas, como os magos ou s\u00e1bios da antiguidade, talvez n\u00e3o como os modernos astr\u00f4nomos, mas como excelentes amadores da astronomia.<\/p>\n<p style=\"text-align: center\">Raz\u00e3o pela qual convidamos voc\u00ea a fazer parte do Clube S191 do NUMAR-SCB (N\u00facleo Maringaense da Sociedade Criacionista Brasileira). O clube S191 estar\u00e1 realizando o seu III Curso Pr\u00e1tico de Astronomia, cujo conte\u00fado \u00e9 voltado para todos os interessados em aprender mais sobre o universo.<\/p>\n<p><strong>Data: 7 \u00e0 11 de maio de 2019<\/strong>\u00a0\u2013 19:45 \u00e0s 21:30<\/p>\n<p>Local \u2013 Sede do NUMAR-SCB<br \/>\nAv. Dr. M\u00e1rio Clapier Urbinati, 15, Sala 8, Jd. Universit\u00e1rio \u2013 Pr\u00f3ximo \u00e0 UEM.<\/p>\n<p>Palestrante: <strong>Eng. Cl\u00e1udio Luiz Abeche<\/strong><\/p>\n<p>Temas<\/p>\n<ul>\n<li>Observa\u00e7\u00e3o do c\u00e9u<\/li>\n<li>Localiza\u00e7\u00e3o<\/li>\n<li>Nosso universo<\/li>\n<li>Sistemas e medidas<\/li>\n<li>Magnitudes<\/li>\n<li>Esferas celestes<\/li>\n<li>Medi\u00e7\u00e3o dos astros<\/li>\n<li>Unidade astron\u00f4mica<\/li>\n<li>Instrumentos astron\u00f4micos<\/li>\n<li>Telesc\u00f3pios \/ tipos<\/li>\n<\/ul>\n<p>Fa\u00e7a j\u00e1 sua inscri\u00e7\u00e3o \u2013 Material Incluso<\/p>\n","protected":false},"excerpt":{"rendered":"<p>(INSCRI\u00c7\u00d5ES LIMITADAS!) O fasc\u00ednio pelas estrelas acompanhou a humanidade desde o in\u00edcio das primeiras civiliza\u00e7\u00f5es, mas o estudo b\u00e1sico das leis que regem o universo ficou nas m\u00e3os de apenas poucos homens, \u00e0queles que um dia foram chamados de magos ou s\u00e1bios; desde a \u00f3tica moderna, esses homens foram os primeiros astr\u00f4nomos. Hoje, gra\u00e7as \u00e0 [&hellip;]<\/p>\n","protected":false},"featured_media":1698,"template":"","meta":{"_acf_changed":false,"om_disable_all_campaigns":false},"product_brand":[],"product_cat":[249],"product_tag":[260,261,262,263],"class_list":{"0":"post-1983","1":"product","2":"type-product","3":"status-publish","4":"has-post-thumbnail","6":"product_cat-eventos","7":"product_tag-astronomia","8":"product_tag-curso","9":"product_tag-telescopio","10":"product_tag-universo","12":"first","13":"outofstock","14":"featured","15":"virtual","16":"sold-individually","17":"purchasable","18":"product-type-simple"},"acf":[],"yoast_head":"<!-- This site is optimized with the Yoast SEO plugin v27.3 - https:\/\/yoast.com\/product\/yoast-seo-wordpress\/ -->\n<title>III Curso Pr\u00e1tico de Astronomia - NUMAR-SCB<\/title>\n<meta name=\"robots\" content=\"index, follow, max-snippet:-1, max-image-preview:large, max-video-preview:-1\" \/>\n<link rel=\"canonical\" href=\"https:\/\/scb.org.br\/numar\/loja\/eventos\/iii-curso-pratico-de-astronomia\/\" \/>\n<meta property=\"og:locale\" content=\"pt_BR\" \/>\n<meta property=\"og:type\" content=\"article\" \/>\n<meta property=\"og:title\" content=\"III Curso Pr\u00e1tico de Astronomia - NUMAR-SCB\" \/>\n<meta property=\"og:description\" content=\"(INSCRI\u00c7\u00d5ES LIMITADAS!) O fasc\u00ednio pelas estrelas acompanhou a humanidade desde o in\u00edcio das primeiras civiliza\u00e7\u00f5es, mas o estudo b\u00e1sico das leis que regem o universo ficou nas m\u00e3os de apenas poucos homens, \u00e0queles que um dia foram chamados de magos ou s\u00e1bios; desde a \u00f3tica moderna, esses homens foram os primeiros astr\u00f4nomos. Hoje, gra\u00e7as \u00e0 [&hellip;]\" \/>\n<meta property=\"og:url\" content=\"https:\/\/scb.org.br\/numar\/loja\/eventos\/iii-curso-pratico-de-astronomia\/\" \/>\n<meta property=\"og:site_name\" content=\"NUMAR-SCB\" \/>\n<meta property=\"og:image\" content=\"https:\/\/scb.org.br\/numar\/wp-content\/uploads\/sites\/6\/2017\/08\/curso-pratico-astronomia-numar-scb-2017-1.jpeg\" \/>\n\t<meta property=\"og:image:width\" content=\"854\" \/>\n\t<meta property=\"og:image:height\" content=\"853\" \/>\n\t<meta property=\"og:image:type\" content=\"image\/jpeg\" \/>\n<meta name=\"twitter:card\" content=\"summary_large_image\" \/>\n<meta name=\"twitter:label1\" content=\"Est. tempo de leitura\" \/>\n\t<meta name=\"twitter:data1\" content=\"1 minuto\" \/>\n<script type=\"application\/ld+json\" class=\"yoast-schema-graph\">{\"@context\":\"https:\\\/\\\/schema.org\",\"@graph\":[{\"@type\":\"WebPage\",\"@id\":\"https:\\\/\\\/scb.org.br\\\/numar\\\/loja\\\/eventos\\\/iii-curso-pratico-de-astronomia\\\/\",\"url\":\"https:\\\/\\\/scb.org.br\\\/numar\\\/loja\\\/eventos\\\/iii-curso-pratico-de-astronomia\\\/\",\"name\":\"III Curso Pr\u00e1tico de Astronomia - NUMAR-SCB\",\"isPartOf\":{\"@id\":\"https:\\\/\\\/scb.org.br\\\/numar\\\/#website\"},\"primaryImageOfPage\":{\"@id\":\"https:\\\/\\\/scb.org.br\\\/numar\\\/loja\\\/eventos\\\/iii-curso-pratico-de-astronomia\\\/#primaryimage\"},\"image\":{\"@id\":\"https:\\\/\\\/scb.org.br\\\/numar\\\/loja\\\/eventos\\\/iii-curso-pratico-de-astronomia\\\/#primaryimage\"},\"thumbnailUrl\":\"https:\\\/\\\/scb.org.br\\\/numar\\\/wp-content\\\/uploads\\\/sites\\\/6\\\/2017\\\/08\\\/curso-pratico-astronomia-numar-scb-2017-1.jpeg\",\"datePublished\":\"2018-04-06T20:05:50+00:00\",\"breadcrumb\":{\"@id\":\"https:\\\/\\\/scb.org.br\\\/numar\\\/loja\\\/eventos\\\/iii-curso-pratico-de-astronomia\\\/#breadcrumb\"},\"inLanguage\":\"pt-BR\",\"potentialAction\":[{\"@type\":\"ReadAction\",\"target\":[\"https:\\\/\\\/scb.org.br\\\/numar\\\/loja\\\/eventos\\\/iii-curso-pratico-de-astronomia\\\/\"]}]},{\"@type\":\"ImageObject\",\"inLanguage\":\"pt-BR\",\"@id\":\"https:\\\/\\\/scb.org.br\\\/numar\\\/loja\\\/eventos\\\/iii-curso-pratico-de-astronomia\\\/#primaryimage\",\"url\":\"https:\\\/\\\/scb.org.br\\\/numar\\\/wp-content\\\/uploads\\\/sites\\\/6\\\/2017\\\/08\\\/curso-pratico-astronomia-numar-scb-2017-1.jpeg\",\"contentUrl\":\"https:\\\/\\\/scb.org.br\\\/numar\\\/wp-content\\\/uploads\\\/sites\\\/6\\\/2017\\\/08\\\/curso-pratico-astronomia-numar-scb-2017-1.jpeg\",\"width\":854,\"height\":853},{\"@type\":\"BreadcrumbList\",\"@id\":\"https:\\\/\\\/scb.org.br\\\/numar\\\/loja\\\/eventos\\\/iii-curso-pratico-de-astronomia\\\/#breadcrumb\",\"itemListElement\":[{\"@type\":\"ListItem\",\"position\":1,\"name\":\"P\u00e1gina Inicial\",\"item\":\"https:\\\/\\\/scb.org.br\\\/numar\\\/\"},{\"@type\":\"ListItem\",\"position\":2,\"name\":\"Loja\",\"item\":\"https:\\\/\\\/scb.org.br\\\/numar\\\/loja\\\/\"},{\"@type\":\"ListItem\",\"position\":3,\"name\":\"III Curso Pr\u00e1tico de Astronomia\"}]},{\"@type\":\"WebSite\",\"@id\":\"https:\\\/\\\/scb.org.br\\\/numar\\\/#website\",\"url\":\"https:\\\/\\\/scb.org.br\\\/numar\\\/\",\"name\":\"NUMAR-SCB\",\"description\":\"N\u00facleo Maringaense da Sociedade Criacionista Brasileira\",\"publisher\":{\"@id\":\"https:\\\/\\\/scb.org.br\\\/numar\\\/#organization\"},\"potentialAction\":[{\"@type\":\"SearchAction\",\"target\":{\"@type\":\"EntryPoint\",\"urlTemplate\":\"https:\\\/\\\/scb.org.br\\\/numar\\\/?s={search_term_string}\"},\"query-input\":{\"@type\":\"PropertyValueSpecification\",\"valueRequired\":true,\"valueName\":\"search_term_string\"}}],\"inLanguage\":\"pt-BR\"},{\"@type\":\"Organization\",\"@id\":\"https:\\\/\\\/scb.org.br\\\/numar\\\/#organization\",\"name\":\"NUMAR-SCB - N\u00facleo Maringaense da Sociedade Criacionista Brasileira\",\"url\":\"https:\\\/\\\/scb.org.br\\\/numar\\\/\",\"logo\":{\"@type\":\"ImageObject\",\"inLanguage\":\"pt-BR\",\"@id\":\"https:\\\/\\\/scb.org.br\\\/numar\\\/#\\\/schema\\\/logo\\\/image\\\/\",\"url\":\"https:\\\/\\\/scb.org.br\\\/numar\\\/wp-content\\\/uploads\\\/sites\\\/6\\\/2020\\\/05\\\/logo-1.png\",\"contentUrl\":\"https:\\\/\\\/scb.org.br\\\/numar\\\/wp-content\\\/uploads\\\/sites\\\/6\\\/2020\\\/05\\\/logo-1.png\",\"width\":248,\"height\":263,\"caption\":\"NUMAR-SCB - N\u00facleo Maringaense da Sociedade Criacionista Brasileira\"},\"image\":{\"@id\":\"https:\\\/\\\/scb.org.br\\\/numar\\\/#\\\/schema\\\/logo\\\/image\\\/\"}}]}<\/script>\n<!-- \/ Yoast SEO plugin. -->","yoast_head_json":{"title":"III Curso Pr\u00e1tico de Astronomia - NUMAR-SCB","robots":{"index":"index","follow":"follow","max-snippet":"max-snippet:-1","max-image-preview":"max-image-preview:large","max-video-preview":"max-video-preview:-1"},"canonical":"https:\/\/scb.org.br\/numar\/loja\/eventos\/iii-curso-pratico-de-astronomia\/","og_locale":"pt_BR","og_type":"article","og_title":"III Curso Pr\u00e1tico de Astronomia - NUMAR-SCB","og_description":"(INSCRI\u00c7\u00d5ES LIMITADAS!) O fasc\u00ednio pelas estrelas acompanhou a humanidade desde o in\u00edcio das primeiras civiliza\u00e7\u00f5es, mas o estudo b\u00e1sico das leis que regem o universo ficou nas m\u00e3os de apenas poucos homens, \u00e0queles que um dia foram chamados de magos ou s\u00e1bios; desde a \u00f3tica moderna, esses homens foram os primeiros astr\u00f4nomos. Hoje, gra\u00e7as \u00e0 [&hellip;]","og_url":"https:\/\/scb.org.br\/numar\/loja\/eventos\/iii-curso-pratico-de-astronomia\/","og_site_name":"NUMAR-SCB","og_image":[{"width":854,"height":853,"url":"https:\/\/scb.org.br\/numar\/wp-content\/uploads\/sites\/6\/2017\/08\/curso-pratico-astronomia-numar-scb-2017-1.jpeg","type":"image\/jpeg"}],"twitter_card":"summary_large_image","twitter_misc":{"Est. tempo de leitura":"1 minuto"},"schema":{"@context":"https:\/\/schema.org","@graph":[{"@type":"WebPage","@id":"https:\/\/scb.org.br\/numar\/loja\/eventos\/iii-curso-pratico-de-astronomia\/","url":"https:\/\/scb.org.br\/numar\/loja\/eventos\/iii-curso-pratico-de-astronomia\/","name":"III Curso Pr\u00e1tico de Astronomia - NUMAR-SCB","isPartOf":{"@id":"https:\/\/scb.org.br\/numar\/#website"},"primaryImageOfPage":{"@id":"https:\/\/scb.org.br\/numar\/loja\/eventos\/iii-curso-pratico-de-astronomia\/#primaryimage"},"image":{"@id":"https:\/\/scb.org.br\/numar\/loja\/eventos\/iii-curso-pratico-de-astronomia\/#primaryimage"},"thumbnailUrl":"https:\/\/scb.org.br\/numar\/wp-content\/uploads\/sites\/6\/2017\/08\/curso-pratico-astronomia-numar-scb-2017-1.jpeg","datePublished":"2018-04-06T20:05:50+00:00","breadcrumb":{"@id":"https:\/\/scb.org.br\/numar\/loja\/eventos\/iii-curso-pratico-de-astronomia\/#breadcrumb"},"inLanguage":"pt-BR","potentialAction":[{"@type":"ReadAction","target":["https:\/\/scb.org.br\/numar\/loja\/eventos\/iii-curso-pratico-de-astronomia\/"]}]},{"@type":"ImageObject","inLanguage":"pt-BR","@id":"https:\/\/scb.org.br\/numar\/loja\/eventos\/iii-curso-pratico-de-astronomia\/#primaryimage","url":"https:\/\/scb.org.br\/numar\/wp-content\/uploads\/sites\/6\/2017\/08\/curso-pratico-astronomia-numar-scb-2017-1.jpeg","contentUrl":"https:\/\/scb.org.br\/numar\/wp-content\/uploads\/sites\/6\/2017\/08\/curso-pratico-astronomia-numar-scb-2017-1.jpeg","width":854,"height":853},{"@type":"BreadcrumbList","@id":"https:\/\/scb.org.br\/numar\/loja\/eventos\/iii-curso-pratico-de-astronomia\/#breadcrumb","itemListElement":[{"@type":"ListItem","position":1,"name":"P\u00e1gina Inicial","item":"https:\/\/scb.org.br\/numar\/"},{"@type":"ListItem","position":2,"name":"Loja","item":"https:\/\/scb.org.br\/numar\/loja\/"},{"@type":"ListItem","position":3,"name":"III Curso Pr\u00e1tico de Astronomia"}]},{"@type":"WebSite","@id":"https:\/\/scb.org.br\/numar\/#website","url":"https:\/\/scb.org.br\/numar\/","name":"NUMAR-SCB","description":"N\u00facleo Maringaense da Sociedade Criacionista Brasileira","publisher":{"@id":"https:\/\/scb.org.br\/numar\/#organization"},"potentialAction":[{"@type":"SearchAction","target":{"@type":"EntryPoint","urlTemplate":"https:\/\/scb.org.br\/numar\/?s={search_term_string}"},"query-input":{"@type":"PropertyValueSpecification","valueRequired":true,"valueName":"search_term_string"}}],"inLanguage":"pt-BR"},{"@type":"Organization","@id":"https:\/\/scb.org.br\/numar\/#organization","name":"NUMAR-SCB - N\u00facleo Maringaense da Sociedade Criacionista Brasileira","url":"https:\/\/scb.org.br\/numar\/","logo":{"@type":"ImageObject","inLanguage":"pt-BR","@id":"https:\/\/scb.org.br\/numar\/#\/schema\/logo\/image\/","url":"https:\/\/scb.org.br\/numar\/wp-content\/uploads\/sites\/6\/2020\/05\/logo-1.png","contentUrl":"https:\/\/scb.org.br\/numar\/wp-content\/uploads\/sites\/6\/2020\/05\/logo-1.png","width":248,"height":263,"caption":"NUMAR-SCB - N\u00facleo Maringaense da Sociedade Criacionista Brasileira"},"image":{"@id":"https:\/\/scb.org.br\/numar\/#\/schema\/logo\/image\/"}}]}},"_links":{"self":[{"href":"https:\/\/scb.org.br\/numar\/wp-json\/wp\/v2\/product\/1983","targetHints":{"allow":["GET"]}}],"collection":[{"href":"https:\/\/scb.org.br\/numar\/wp-json\/wp\/v2\/product"}],"about":[{"href":"https:\/\/scb.org.br\/numar\/wp-json\/wp\/v2\/types\/product"}],"wp:featuredmedia":[{"embeddable":true,"href":"https:\/\/scb.org.br\/numar\/wp-json\/wp\/v2\/media\/1698"}],"wp:attachment":[{"href":"https:\/\/scb.org.br\/numar\/wp-json\/wp\/v2\/media?parent=1983"}],"wp:term":[{"taxonomy":"product_brand","embeddable":true,"href":"https:\/\/scb.org.br\/numar\/wp-json\/wp\/v2\/product_brand?post=1983"},{"taxonomy":"product_cat","embeddable":true,"href":"https:\/\/scb.org.br\/numar\/wp-json\/wp\/v2\/product_cat?post=1983"},{"taxonomy":"product_tag","embeddable":true,"href":"https:\/\/scb.org.br\/numar\/wp-json\/wp\/v2\/product_tag?post=1983"}],"curies":[{"name":"wp","href":"https:\/\/api.w.org\/{rel}","templated":true}]}}