{"id":1874,"date":"2018-02-11T12:46:22","date_gmt":"2018-02-11T15:46:22","guid":{"rendered":"http:\/\/numar.scb.org.br\/?post_type=product&amp;p=1874"},"modified":"2018-02-11T12:46:22","modified_gmt":"2018-02-11T15:46:22","slug":"exame-critico-da-datacao-radiometrica","status":"publish","type":"product","link":"https:\/\/scb.org.br\/numar\/loja\/livros\/exame-critico-da-datacao-radiometrica\/","title":{"rendered":"Exame Cr\u00edtico da Data\u00e7\u00e3o Radiom\u00e9trica"},"content":{"rendered":"<p>A Data\u00e7\u00e3o Radiom\u00e9trica \u00e9 um dos assuntos cruciais envolvidos na controv\u00e9rsia entre a estrutura conceitual evolucionista e a estrutura conceitual criacionista, pelas implica\u00e7\u00f5es relativas \u00e0s distintas interpreta\u00e7\u00f5es das idades de forma\u00e7\u00f5es geol\u00f3gicas e de f\u00f3sseis encontradas na natureza.<\/p>\n<p>Este livro pretende fornecer subs\u00eddios para quem realmente desejar compreender as bases filos\u00f3ficas e as evid\u00eancias reais que fundamentam os pressupostos assumidos pelas duas posi\u00e7\u00f5es antag\u00f4nicas aceitas para a interpreta\u00e7\u00e3o dos fatos observados na natureza.<\/p>\n<p>Na primeira parte desta publica\u00e7\u00e3o encontra-se uma sele\u00e7\u00e3o de artigos j\u00e1 anteriormente publicados nos peri\u00f3dicos editados pela Sociedade Criacionista Brasileira e, na segunda parte, uma colet\u00e2nea de artigos mais recentes publicados na revista \u201cActs and Facts\u201d publicada mensalmente pelo \u201cInstitute for Creation Research\u201d, institui\u00e7\u00e3o criacionista sediada nos Estados Unidos da Am\u00e9rica.<\/p>\n<p>Todos esses artigos, em seu conjunto, constituem um valioso acervo de informa\u00e7\u00f5es b\u00e1sicas sobre a hist\u00f3ria do desenvolvimento dos M\u00e9todos de Data\u00e7\u00e3o Radiom\u00e9trica e do estado atual da arte nesse interessante e importante campo de pesquisas.<\/p>\n<p>Esta publica\u00e7\u00e3o \u00e9 fruto da colabora\u00e7\u00e3o iniciada h\u00e1 tr\u00eas anos entre a SCB e o seu N\u00facleo Criacionista da cidade de Maring\u00e1, PR (\u201cNUMAR-SCB\u201d) que re\u00fane mais de uma dezena de professores universit\u00e1rios e pesquisadores de alta qualifica\u00e7\u00e3o acad\u00eamica.<\/p>\n<p>O desejo dos Editores \u00e9 que esta seja uma publica\u00e7\u00e3o que possa trazer \u00e0 baila argumentos de peso a favor da interpreta\u00e7\u00e3o alternativa dos fatos a partir de pressuposi\u00e7\u00f5es distintas das usualmente levadas em conta no campo da data\u00e7\u00e3o radiom\u00e9trica, permitindo aos leitores avaliarem a quest\u00e3o por si mesmos considerando as informa\u00e7\u00f5es adicionais aqui expostas, nem sempre f\u00e1ceis de serem encontradas na literatura especializada sobre o assunto.<\/p>\n<p><strong>PRIMEIRA PARTE<\/strong><\/p>\n<ul>\n<li>Uma Terra Recente?<\/li>\n<li>Um Levantamento de M\u00e9todos de Data\u00e7\u00e3o 25 - Eugene F. Chaffin<\/li>\n<li>O Debate Sobre a Idade da Terra 50- Lawrence Badash<\/li>\n<li>A Terra Recente 63- Henry M. Morris<\/li>\n<li>Um Exame Cr\u00edtico da Data\u00e7\u00e3o com Radiocarbono \u00e0 Luz de Dados Dendocronol\u00f3gicos 72 -\u00a0Sidney P. Clementson<\/li>\n<li>Confirmada a Idade Magn\u00e9tica Recente da Terra 89 -\u00a0Thomas G. Barnes<\/li>\n<li>Um Exame Cr\u00edtico da\u00a0Data\u00e7\u00e3o Radioativa das Rochas 99 -\u00a0Sidney P. Clementson<\/li>\n<li>Taxas de Difus\u00e3o de H\u00e9lio Apontam para uma Terra Recente 110 -\u00a0Adauto J. B. Louren\u00e7o<\/li>\n<li>Tempo: Um Problema para os Modelos da Hist\u00f3ria da Terra 122 -\u00a0Urias Echterhoff Takatohi<\/li>\n<li>Uma Revis\u00e3o Cr\u00edtica do Uniformismo na Geologia e o Dil\u00favio Universal 140 -\u00a0A. W. Mehlert<\/li>\n<li>Duas descobertas muito relevantes para a data\u00e7\u00e3o radiom\u00e9trica 158 -\u00a0Rodrigo M. Pontes<\/li>\n<\/ul>\n<p><strong>SEGUNDA PARTE<\/strong><\/p>\n<ul>\n<li>Rel\u00f3gios nas Rochas? \u00a0169 - Vernon R. Cupps, Ph.D.<\/li>\n<li>O \u00cdcone das \u201cIs\u00f3cronas\u201d \u00a0176 -\u00a0Vernon R. Cupps, Ph.D.<\/li>\n<li>O rel\u00f3gio \u201cNobre\u201d \u00a0184 -\u00a0Vernon R. Cupps, Ph.D.<\/li>\n<li>Data\u00e7\u00e3o com Metal Alcalino: O Modelo de Data\u00e7\u00e3o de Rb-Sr 193 -\u00a0Vernon R. Cupps, Ph.D.<\/li>\n<li>Rel\u00f3gios de Terras Raras os Modelos de Data\u00e7\u00e3o Sm-Nd e Lu-Hf (Primeira Parte) 201 -\u00a0Vernon R. Cupps, Ph.D.<\/li>\n<li>Rel\u00f3gios de Terras Raras Os Modelos de Data\u00e7\u00e3o Sm-Nd e Lu-Hf -\u00a0(Segunda Parte) 206 -\u00a0Vernon R. Cupps, Ph.D.<\/li>\n<li>Rel\u00f3gios de Metais Pesados: Os Modelos de Data\u00e7\u00e3o U-Pb E Th-Pb \u00a0211 -\u00a0Vernon R. Cupps, Ph.D.<\/li>\n<li>Rel\u00f3gios de Metais Pesados o Modelo de Data\u00e7\u00e3o Pb-Pb \u00a0216 -\u00a0Vernon R. Cupps, Ph.D.<\/li>\n<\/ul>\n","protected":false},"excerpt":{"rendered":"<p>A Data\u00e7\u00e3o Radiom\u00e9trica \u00e9 um dos assuntos cruciais envolvidos na controv\u00e9rsia entre a estrutura conceitual evolucionista e a estrutura conceitual criacionista, pelas implica\u00e7\u00f5es relativas \u00e0s distintas interpreta\u00e7\u00f5es das idades de forma\u00e7\u00f5es geol\u00f3gicas e de f\u00f3sseis encontradas na natureza. Este livro pretende fornecer subs\u00eddios para quem realmente desejar compreender as bases filos\u00f3ficas e as evid\u00eancias reais [&hellip;]<\/p>\n","protected":false},"featured_media":1895,"template":"","meta":{"_acf_changed":false,"om_disable_all_campaigns":false},"product_brand":[],"product_cat":[257],"product_tag":[],"class_list":{"0":"post-1874","1":"product","2":"type-product","3":"status-publish","4":"has-post-thumbnail","6":"product_cat-livros","7":"product_shipping_class-registro-modico","9":"first","10":"outofstock","11":"shipping-taxable","12":"purchasable","13":"product-type-simple"},"acf":[],"yoast_head":"<!-- This site is optimized with the Yoast SEO plugin v27.3 - https:\/\/yoast.com\/product\/yoast-seo-wordpress\/ -->\n<title>Exame Cr\u00edtico da Data\u00e7\u00e3o Radiom\u00e9trica - NUMAR-SCB<\/title>\n<meta name=\"robots\" content=\"index, follow, max-snippet:-1, max-image-preview:large, max-video-preview:-1\" \/>\n<link rel=\"canonical\" href=\"https:\/\/scb.org.br\/numar\/loja\/livros\/exame-critico-da-datacao-radiometrica\/\" \/>\n<meta property=\"og:locale\" content=\"pt_BR\" \/>\n<meta property=\"og:type\" content=\"article\" \/>\n<meta property=\"og:title\" content=\"Exame Cr\u00edtico da Data\u00e7\u00e3o Radiom\u00e9trica - NUMAR-SCB\" \/>\n<meta property=\"og:description\" content=\"A Data\u00e7\u00e3o Radiom\u00e9trica \u00e9 um dos assuntos cruciais envolvidos na controv\u00e9rsia entre a estrutura conceitual evolucionista e a estrutura conceitual criacionista, pelas implica\u00e7\u00f5es relativas \u00e0s distintas interpreta\u00e7\u00f5es das idades de forma\u00e7\u00f5es geol\u00f3gicas e de f\u00f3sseis encontradas na natureza. Este livro pretende fornecer subs\u00eddios para quem realmente desejar compreender as bases filos\u00f3ficas e as evid\u00eancias reais [&hellip;]\" \/>\n<meta property=\"og:url\" content=\"https:\/\/scb.org.br\/numar\/loja\/livros\/exame-critico-da-datacao-radiometrica\/\" \/>\n<meta property=\"og:site_name\" content=\"NUMAR-SCB\" \/>\n<meta property=\"og:image\" content=\"https:\/\/scb.org.br\/numar\/wp-content\/uploads\/sites\/6\/2018\/02\/capa-exame-critico-da-datacao-radiometrica-1.png\" \/>\n\t<meta property=\"og:image:width\" content=\"800\" \/>\n\t<meta property=\"og:image:height\" content=\"800\" \/>\n\t<meta property=\"og:image:type\" content=\"image\/png\" \/>\n<meta name=\"twitter:card\" content=\"summary_large_image\" \/>\n<meta name=\"twitter:label1\" content=\"Est. tempo de leitura\" \/>\n\t<meta name=\"twitter:data1\" content=\"3 minutos\" \/>\n<script type=\"application\/ld+json\" class=\"yoast-schema-graph\">{\"@context\":\"https:\\\/\\\/schema.org\",\"@graph\":[{\"@type\":\"WebPage\",\"@id\":\"https:\\\/\\\/scb.org.br\\\/numar\\\/loja\\\/livros\\\/exame-critico-da-datacao-radiometrica\\\/\",\"url\":\"https:\\\/\\\/scb.org.br\\\/numar\\\/loja\\\/livros\\\/exame-critico-da-datacao-radiometrica\\\/\",\"name\":\"Exame Cr\u00edtico da Data\u00e7\u00e3o Radiom\u00e9trica - NUMAR-SCB\",\"isPartOf\":{\"@id\":\"https:\\\/\\\/scb.org.br\\\/numar\\\/#website\"},\"primaryImageOfPage\":{\"@id\":\"https:\\\/\\\/scb.org.br\\\/numar\\\/loja\\\/livros\\\/exame-critico-da-datacao-radiometrica\\\/#primaryimage\"},\"image\":{\"@id\":\"https:\\\/\\\/scb.org.br\\\/numar\\\/loja\\\/livros\\\/exame-critico-da-datacao-radiometrica\\\/#primaryimage\"},\"thumbnailUrl\":\"https:\\\/\\\/scb.org.br\\\/numar\\\/wp-content\\\/uploads\\\/sites\\\/6\\\/2018\\\/02\\\/capa-exame-critico-da-datacao-radiometrica-1.png\",\"datePublished\":\"2018-02-11T15:46:22+00:00\",\"breadcrumb\":{\"@id\":\"https:\\\/\\\/scb.org.br\\\/numar\\\/loja\\\/livros\\\/exame-critico-da-datacao-radiometrica\\\/#breadcrumb\"},\"inLanguage\":\"pt-BR\",\"potentialAction\":[{\"@type\":\"ReadAction\",\"target\":[\"https:\\\/\\\/scb.org.br\\\/numar\\\/loja\\\/livros\\\/exame-critico-da-datacao-radiometrica\\\/\"]}]},{\"@type\":\"ImageObject\",\"inLanguage\":\"pt-BR\",\"@id\":\"https:\\\/\\\/scb.org.br\\\/numar\\\/loja\\\/livros\\\/exame-critico-da-datacao-radiometrica\\\/#primaryimage\",\"url\":\"https:\\\/\\\/scb.org.br\\\/numar\\\/wp-content\\\/uploads\\\/sites\\\/6\\\/2018\\\/02\\\/capa-exame-critico-da-datacao-radiometrica-1.png\",\"contentUrl\":\"https:\\\/\\\/scb.org.br\\\/numar\\\/wp-content\\\/uploads\\\/sites\\\/6\\\/2018\\\/02\\\/capa-exame-critico-da-datacao-radiometrica-1.png\",\"width\":800,\"height\":800},{\"@type\":\"BreadcrumbList\",\"@id\":\"https:\\\/\\\/scb.org.br\\\/numar\\\/loja\\\/livros\\\/exame-critico-da-datacao-radiometrica\\\/#breadcrumb\",\"itemListElement\":[{\"@type\":\"ListItem\",\"position\":1,\"name\":\"P\u00e1gina Inicial\",\"item\":\"https:\\\/\\\/scb.org.br\\\/numar\\\/\"},{\"@type\":\"ListItem\",\"position\":2,\"name\":\"Loja\",\"item\":\"https:\\\/\\\/scb.org.br\\\/numar\\\/loja\\\/\"},{\"@type\":\"ListItem\",\"position\":3,\"name\":\"Exame Cr\u00edtico da Data\u00e7\u00e3o Radiom\u00e9trica\"}]},{\"@type\":\"WebSite\",\"@id\":\"https:\\\/\\\/scb.org.br\\\/numar\\\/#website\",\"url\":\"https:\\\/\\\/scb.org.br\\\/numar\\\/\",\"name\":\"NUMAR-SCB\",\"description\":\"N\u00facleo Maringaense da Sociedade Criacionista Brasileira\",\"publisher\":{\"@id\":\"https:\\\/\\\/scb.org.br\\\/numar\\\/#organization\"},\"potentialAction\":[{\"@type\":\"SearchAction\",\"target\":{\"@type\":\"EntryPoint\",\"urlTemplate\":\"https:\\\/\\\/scb.org.br\\\/numar\\\/?s={search_term_string}\"},\"query-input\":{\"@type\":\"PropertyValueSpecification\",\"valueRequired\":true,\"valueName\":\"search_term_string\"}}],\"inLanguage\":\"pt-BR\"},{\"@type\":\"Organization\",\"@id\":\"https:\\\/\\\/scb.org.br\\\/numar\\\/#organization\",\"name\":\"NUMAR-SCB - N\u00facleo Maringaense da Sociedade Criacionista Brasileira\",\"url\":\"https:\\\/\\\/scb.org.br\\\/numar\\\/\",\"logo\":{\"@type\":\"ImageObject\",\"inLanguage\":\"pt-BR\",\"@id\":\"https:\\\/\\\/scb.org.br\\\/numar\\\/#\\\/schema\\\/logo\\\/image\\\/\",\"url\":\"https:\\\/\\\/scb.org.br\\\/numar\\\/wp-content\\\/uploads\\\/sites\\\/6\\\/2020\\\/05\\\/logo-1.png\",\"contentUrl\":\"https:\\\/\\\/scb.org.br\\\/numar\\\/wp-content\\\/uploads\\\/sites\\\/6\\\/2020\\\/05\\\/logo-1.png\",\"width\":248,\"height\":263,\"caption\":\"NUMAR-SCB - N\u00facleo Maringaense da Sociedade Criacionista Brasileira\"},\"image\":{\"@id\":\"https:\\\/\\\/scb.org.br\\\/numar\\\/#\\\/schema\\\/logo\\\/image\\\/\"}}]}<\/script>\n<!-- \/ Yoast SEO plugin. -->","yoast_head_json":{"title":"Exame Cr\u00edtico da Data\u00e7\u00e3o Radiom\u00e9trica - NUMAR-SCB","robots":{"index":"index","follow":"follow","max-snippet":"max-snippet:-1","max-image-preview":"max-image-preview:large","max-video-preview":"max-video-preview:-1"},"canonical":"https:\/\/scb.org.br\/numar\/loja\/livros\/exame-critico-da-datacao-radiometrica\/","og_locale":"pt_BR","og_type":"article","og_title":"Exame Cr\u00edtico da Data\u00e7\u00e3o Radiom\u00e9trica - NUMAR-SCB","og_description":"A Data\u00e7\u00e3o Radiom\u00e9trica \u00e9 um dos assuntos cruciais envolvidos na controv\u00e9rsia entre a estrutura conceitual evolucionista e a estrutura conceitual criacionista, pelas implica\u00e7\u00f5es relativas \u00e0s distintas interpreta\u00e7\u00f5es das idades de forma\u00e7\u00f5es geol\u00f3gicas e de f\u00f3sseis encontradas na natureza. Este livro pretende fornecer subs\u00eddios para quem realmente desejar compreender as bases filos\u00f3ficas e as evid\u00eancias reais [&hellip;]","og_url":"https:\/\/scb.org.br\/numar\/loja\/livros\/exame-critico-da-datacao-radiometrica\/","og_site_name":"NUMAR-SCB","og_image":[{"width":800,"height":800,"url":"https:\/\/scb.org.br\/numar\/wp-content\/uploads\/sites\/6\/2018\/02\/capa-exame-critico-da-datacao-radiometrica-1.png","type":"image\/png"}],"twitter_card":"summary_large_image","twitter_misc":{"Est. tempo de leitura":"3 minutos"},"schema":{"@context":"https:\/\/schema.org","@graph":[{"@type":"WebPage","@id":"https:\/\/scb.org.br\/numar\/loja\/livros\/exame-critico-da-datacao-radiometrica\/","url":"https:\/\/scb.org.br\/numar\/loja\/livros\/exame-critico-da-datacao-radiometrica\/","name":"Exame Cr\u00edtico da Data\u00e7\u00e3o Radiom\u00e9trica - NUMAR-SCB","isPartOf":{"@id":"https:\/\/scb.org.br\/numar\/#website"},"primaryImageOfPage":{"@id":"https:\/\/scb.org.br\/numar\/loja\/livros\/exame-critico-da-datacao-radiometrica\/#primaryimage"},"image":{"@id":"https:\/\/scb.org.br\/numar\/loja\/livros\/exame-critico-da-datacao-radiometrica\/#primaryimage"},"thumbnailUrl":"https:\/\/scb.org.br\/numar\/wp-content\/uploads\/sites\/6\/2018\/02\/capa-exame-critico-da-datacao-radiometrica-1.png","datePublished":"2018-02-11T15:46:22+00:00","breadcrumb":{"@id":"https:\/\/scb.org.br\/numar\/loja\/livros\/exame-critico-da-datacao-radiometrica\/#breadcrumb"},"inLanguage":"pt-BR","potentialAction":[{"@type":"ReadAction","target":["https:\/\/scb.org.br\/numar\/loja\/livros\/exame-critico-da-datacao-radiometrica\/"]}]},{"@type":"ImageObject","inLanguage":"pt-BR","@id":"https:\/\/scb.org.br\/numar\/loja\/livros\/exame-critico-da-datacao-radiometrica\/#primaryimage","url":"https:\/\/scb.org.br\/numar\/wp-content\/uploads\/sites\/6\/2018\/02\/capa-exame-critico-da-datacao-radiometrica-1.png","contentUrl":"https:\/\/scb.org.br\/numar\/wp-content\/uploads\/sites\/6\/2018\/02\/capa-exame-critico-da-datacao-radiometrica-1.png","width":800,"height":800},{"@type":"BreadcrumbList","@id":"https:\/\/scb.org.br\/numar\/loja\/livros\/exame-critico-da-datacao-radiometrica\/#breadcrumb","itemListElement":[{"@type":"ListItem","position":1,"name":"P\u00e1gina Inicial","item":"https:\/\/scb.org.br\/numar\/"},{"@type":"ListItem","position":2,"name":"Loja","item":"https:\/\/scb.org.br\/numar\/loja\/"},{"@type":"ListItem","position":3,"name":"Exame Cr\u00edtico da Data\u00e7\u00e3o Radiom\u00e9trica"}]},{"@type":"WebSite","@id":"https:\/\/scb.org.br\/numar\/#website","url":"https:\/\/scb.org.br\/numar\/","name":"NUMAR-SCB","description":"N\u00facleo Maringaense da Sociedade Criacionista Brasileira","publisher":{"@id":"https:\/\/scb.org.br\/numar\/#organization"},"potentialAction":[{"@type":"SearchAction","target":{"@type":"EntryPoint","urlTemplate":"https:\/\/scb.org.br\/numar\/?s={search_term_string}"},"query-input":{"@type":"PropertyValueSpecification","valueRequired":true,"valueName":"search_term_string"}}],"inLanguage":"pt-BR"},{"@type":"Organization","@id":"https:\/\/scb.org.br\/numar\/#organization","name":"NUMAR-SCB - N\u00facleo Maringaense da Sociedade Criacionista Brasileira","url":"https:\/\/scb.org.br\/numar\/","logo":{"@type":"ImageObject","inLanguage":"pt-BR","@id":"https:\/\/scb.org.br\/numar\/#\/schema\/logo\/image\/","url":"https:\/\/scb.org.br\/numar\/wp-content\/uploads\/sites\/6\/2020\/05\/logo-1.png","contentUrl":"https:\/\/scb.org.br\/numar\/wp-content\/uploads\/sites\/6\/2020\/05\/logo-1.png","width":248,"height":263,"caption":"NUMAR-SCB - N\u00facleo Maringaense da Sociedade Criacionista Brasileira"},"image":{"@id":"https:\/\/scb.org.br\/numar\/#\/schema\/logo\/image\/"}}]}},"_links":{"self":[{"href":"https:\/\/scb.org.br\/numar\/wp-json\/wp\/v2\/product\/1874","targetHints":{"allow":["GET"]}}],"collection":[{"href":"https:\/\/scb.org.br\/numar\/wp-json\/wp\/v2\/product"}],"about":[{"href":"https:\/\/scb.org.br\/numar\/wp-json\/wp\/v2\/types\/product"}],"wp:featuredmedia":[{"embeddable":true,"href":"https:\/\/scb.org.br\/numar\/wp-json\/wp\/v2\/media\/1895"}],"wp:attachment":[{"href":"https:\/\/scb.org.br\/numar\/wp-json\/wp\/v2\/media?parent=1874"}],"wp:term":[{"taxonomy":"product_brand","embeddable":true,"href":"https:\/\/scb.org.br\/numar\/wp-json\/wp\/v2\/product_brand?post=1874"},{"taxonomy":"product_cat","embeddable":true,"href":"https:\/\/scb.org.br\/numar\/wp-json\/wp\/v2\/product_cat?post=1874"},{"taxonomy":"product_tag","embeddable":true,"href":"https:\/\/scb.org.br\/numar\/wp-json\/wp\/v2\/product_tag?post=1874"}],"curies":[{"name":"wp","href":"https:\/\/api.w.org\/{rel}","templated":true}]}}