{"id":1685,"date":"2017-08-17T22:51:50","date_gmt":"2017-08-18T01:51:50","guid":{"rendered":"http:\/\/numar.scb.org.br\/?page_id=1685"},"modified":"2017-08-17T22:51:50","modified_gmt":"2017-08-18T01:51:50","slug":"eventos","status":"publish","type":"page","link":"https:\/\/scb.org.br\/numar\/eventos\/","title":{"rendered":"Eventos"},"content":{"rendered":"<div class=\"woocommerce columns-4 \"><ul class=\"products columns-4\">\n<li class=\"product type-product post-2456 status-publish first outofstock product_cat-eventos product_tag-apresentacao-publica product_tag-arte-falar-em-publico product_tag-ciencia product_tag-congresso product_tag-cosmovisao product_tag-encontro product_tag-oratoria product_tag-paleontologia product_tag-simposio product_tag-simposio-universitario has-post-thumbnail sold-individually shipping-taxable purchasable product-type-variable\">\n\t<a href=\"https:\/\/scb.org.br\/numar\/loja\/eventos\/curso-de-oratoria-a-arte-de-falar-em-publico\/\" class=\"woocommerce-LoopProduct-link woocommerce-loop-product__link\"><img loading=\"lazy\" decoding=\"async\" width=\"300\" height=\"300\" src=\"https:\/\/scb.org.br\/numar\/wp-content\/uploads\/sites\/6\/2018\/11\/Curso-de-Orat\u00f3ria-2019-05-300x300.jpeg\" class=\"attachment-woocommerce_thumbnail size-woocommerce_thumbnail\" alt=\"Curso de Orat\u00f3ria - A  ARTE DE FALAR EM P\u00daBLICO\" srcset=\"https:\/\/scb.org.br\/numar\/wp-content\/uploads\/sites\/6\/2018\/11\/Curso-de-Orat\u00f3ria-2019-05-300x300.jpeg 300w, https:\/\/scb.org.br\/numar\/wp-content\/uploads\/sites\/6\/2018\/11\/Curso-de-Orat\u00f3ria-2019-05-150x150.jpeg 150w, https:\/\/scb.org.br\/numar\/wp-content\/uploads\/sites\/6\/2018\/11\/Curso-de-Orat\u00f3ria-2019-05-100x100.jpeg 100w\" sizes=\"auto, (max-width: 300px) 100vw, 300px\" \/><h2 class=\"woocommerce-loop-product__title\">Curso de Orat\u00f3ria - A  ARTE DE FALAR EM P\u00daBLICO<\/h2>\n<\/a><a href=\"https:\/\/scb.org.br\/numar\/loja\/eventos\/curso-de-oratoria-a-arte-de-falar-em-publico\/\" aria-describedby=\"woocommerce_loop_add_to_cart_link_describedby_2456\" data-quantity=\"1\" class=\"button product_type_variable\" data-product_id=\"2456\" data-product_sku=\"Evento-1-1\" aria-label=\"Selecione as op\u00e7\u00f5es para &ldquo;Curso de Orat\u00f3ria - A  ARTE DE FALAR EM P\u00daBLICO&rdquo;\" rel=\"nofollow\">Ver op\u00e7\u00f5es<\/a>\t<span id=\"woocommerce_loop_add_to_cart_link_describedby_2456\" class=\"screen-reader-text\">\n\t\tEste produto tem v\u00e1rias variantes. As op\u00e7\u00f5es podem ser escolhidas na p\u00e1gina do produto\t<\/span>\n<\/li>\n<li class=\"product type-product post-2317 status-publish outofstock product_cat-eventos product_tag-alimentacao-saudavel product_tag-culinaria product_tag-culinaria-vegana product_tag-curso product_tag-gastronomia product_tag-vegana product_tag-vida-saudavel has-post-thumbnail sale featured virtual purchasable product-type-simple\">\n\t<a href=\"https:\/\/scb.org.br\/numar\/loja\/eventos\/i-curso-de-culinaria-vegana\/\" class=\"woocommerce-LoopProduct-link woocommerce-loop-product__link\">\n\t<span class=\"onsale\">Oferta!<\/span>\n\t<img loading=\"lazy\" decoding=\"async\" width=\"300\" height=\"300\" src=\"https:\/\/scb.org.br\/numar\/wp-content\/uploads\/sites\/6\/2018\/09\/Curso-de-Culinaria-Arte-Site-1-300x300.jpeg\" class=\"attachment-woocommerce_thumbnail size-woocommerce_thumbnail\" alt=\"I Curso de Culin\u00e1ria Vegana - &quot;Veg Breakfast&quot;\" srcset=\"https:\/\/scb.org.br\/numar\/wp-content\/uploads\/sites\/6\/2018\/09\/Curso-de-Culinaria-Arte-Site-1-300x300.jpeg 300w, https:\/\/scb.org.br\/numar\/wp-content\/uploads\/sites\/6\/2018\/09\/Curso-de-Culinaria-Arte-Site-1-150x150.jpeg 150w, https:\/\/scb.org.br\/numar\/wp-content\/uploads\/sites\/6\/2018\/09\/Curso-de-Culinaria-Arte-Site-1-100x100.jpeg 100w\" sizes=\"auto, (max-width: 300px) 100vw, 300px\" \/><h2 class=\"woocommerce-loop-product__title\">I Curso de Culin\u00e1ria Vegana - \"Veg Breakfast\"<\/h2>\n\t<span class=\"price\"><del aria-hidden=\"true\"><span class=\"woocommerce-Price-amount amount\"><bdi><span class=\"woocommerce-Price-currencySymbol\">&#82;&#36;<\/span>70,00<\/bdi><\/span><\/del> <span class=\"screen-reader-text\">O pre\u00e7o original era: &#082;&#036;70,00.<\/span><ins aria-hidden=\"true\"><span class=\"woocommerce-Price-amount amount\"><bdi><span class=\"woocommerce-Price-currencySymbol\">&#82;&#36;<\/span>65,00<\/bdi><\/span><\/ins><span class=\"screen-reader-text\">O pre\u00e7o atual \u00e9: &#082;&#036;65,00.<\/span><\/span>\n<\/a><a href=\"https:\/\/scb.org.br\/numar\/loja\/eventos\/i-curso-de-culinaria-vegana\/\" aria-describedby=\"woocommerce_loop_add_to_cart_link_describedby_2317\" data-quantity=\"1\" class=\"button product_type_simple\" data-product_id=\"2317\" data-product_sku=\"\" aria-label=\"Leia mais sobre &ldquo;I Curso de Culin\u00e1ria Vegana - &quot;Veg Breakfast&quot;&rdquo;\" rel=\"nofollow\" data-success_message=\"\">Leia mais<\/a>\t<span id=\"woocommerce_loop_add_to_cart_link_describedby_2317\" class=\"screen-reader-text\">\n\t\t\t<\/span>\n<\/li>\n<li class=\"product type-product post-2280 status-publish outofstock product_cat-eventos product_tag-arte-de-falar-em-publico product_tag-falar-em-publico product_tag-oratoria has-post-thumbnail shipping-taxable purchasable product-type-variable\">\n\t<a href=\"https:\/\/scb.org.br\/numar\/loja\/eventos\/i-simposio-criacionista-de-mambore-a-origem-da-vida-2\/\" class=\"woocommerce-LoopProduct-link woocommerce-loop-product__link\"><img loading=\"lazy\" decoding=\"async\" width=\"300\" height=\"300\" src=\"https:\/\/scb.org.br\/numar\/wp-content\/uploads\/sites\/6\/2018\/08\/I-Simposio-Criacionista-Mambore-1-300x300.jpg\" class=\"attachment-woocommerce_thumbnail size-woocommerce_thumbnail\" alt=\"I Simp\u00f3sio Criacionista de Mambor\u00ea - A Origem da Vida\" srcset=\"https:\/\/scb.org.br\/numar\/wp-content\/uploads\/sites\/6\/2018\/08\/I-Simposio-Criacionista-Mambore-1-300x300.jpg 300w, https:\/\/scb.org.br\/numar\/wp-content\/uploads\/sites\/6\/2018\/08\/I-Simposio-Criacionista-Mambore-1-150x150.jpg 150w, https:\/\/scb.org.br\/numar\/wp-content\/uploads\/sites\/6\/2018\/08\/I-Simposio-Criacionista-Mambore-1-100x100.jpg 100w\" sizes=\"auto, (max-width: 300px) 100vw, 300px\" \/><h2 class=\"woocommerce-loop-product__title\">I Simp\u00f3sio Criacionista de Mambor\u00ea - A Origem da Vida<\/h2>\n<\/a><a href=\"https:\/\/scb.org.br\/numar\/loja\/eventos\/i-simposio-criacionista-de-mambore-a-origem-da-vida-2\/\" aria-describedby=\"woocommerce_loop_add_to_cart_link_describedby_2280\" data-quantity=\"1\" class=\"button product_type_variable\" data-product_id=\"2280\" data-product_sku=\"Evento\" aria-label=\"Selecione as op\u00e7\u00f5es para &ldquo;I Simp\u00f3sio Criacionista de Mambor\u00ea - A Origem da Vida&rdquo;\" rel=\"nofollow\">Ver op\u00e7\u00f5es<\/a>\t<span id=\"woocommerce_loop_add_to_cart_link_describedby_2280\" class=\"screen-reader-text\">\n\t\tEste produto tem v\u00e1rias variantes. As op\u00e7\u00f5es podem ser escolhidas na p\u00e1gina do produto\t<\/span>\n<\/li>\n<li class=\"product type-product post-1983 status-publish last outofstock product_cat-eventos product_tag-astronomia product_tag-curso product_tag-telescopio product_tag-universo has-post-thumbnail featured virtual sold-individually purchasable product-type-simple\">\n\t<a href=\"https:\/\/scb.org.br\/numar\/loja\/eventos\/iii-curso-pratico-de-astronomia\/\" class=\"woocommerce-LoopProduct-link woocommerce-loop-product__link\"><img loading=\"lazy\" decoding=\"async\" width=\"300\" height=\"300\" src=\"https:\/\/scb.org.br\/numar\/wp-content\/uploads\/sites\/6\/2017\/08\/curso-pratico-astronomia-numar-scb-2017-1-300x300.jpeg\" class=\"attachment-woocommerce_thumbnail size-woocommerce_thumbnail\" alt=\"III Curso Pr\u00e1tico de Astronomia\" srcset=\"https:\/\/scb.org.br\/numar\/wp-content\/uploads\/sites\/6\/2017\/08\/curso-pratico-astronomia-numar-scb-2017-1-300x300.jpeg 300w, https:\/\/scb.org.br\/numar\/wp-content\/uploads\/sites\/6\/2017\/08\/curso-pratico-astronomia-numar-scb-2017-1-150x150.jpeg 150w, https:\/\/scb.org.br\/numar\/wp-content\/uploads\/sites\/6\/2017\/08\/curso-pratico-astronomia-numar-scb-2017-1-768x767.jpeg 768w, https:\/\/scb.org.br\/numar\/wp-content\/uploads\/sites\/6\/2017\/08\/curso-pratico-astronomia-numar-scb-2017-1-600x599.jpeg 600w, https:\/\/scb.org.br\/numar\/wp-content\/uploads\/sites\/6\/2017\/08\/curso-pratico-astronomia-numar-scb-2017-1-100x100.jpeg 100w, https:\/\/scb.org.br\/numar\/wp-content\/uploads\/sites\/6\/2017\/08\/curso-pratico-astronomia-numar-scb-2017-1.jpeg 854w\" sizes=\"auto, (max-width: 300px) 100vw, 300px\" \/><h2 class=\"woocommerce-loop-product__title\">III Curso Pr\u00e1tico de Astronomia<\/h2>\n\t<span class=\"price\"><span class=\"woocommerce-Price-amount amount\"><bdi><span class=\"woocommerce-Price-currencySymbol\">&#82;&#36;<\/span>56,50<\/bdi><\/span><\/span>\n<\/a><a href=\"https:\/\/scb.org.br\/numar\/loja\/eventos\/iii-curso-pratico-de-astronomia\/\" aria-describedby=\"woocommerce_loop_add_to_cart_link_describedby_1983\" data-quantity=\"1\" class=\"button product_type_simple\" data-product_id=\"1983\" data-product_sku=\"\" aria-label=\"Leia mais sobre &ldquo;III Curso Pr\u00e1tico de Astronomia&rdquo;\" rel=\"nofollow\" data-success_message=\"\">Leia mais<\/a>\t<span id=\"woocommerce_loop_add_to_cart_link_describedby_1983\" class=\"screen-reader-text\">\n\t\t\t<\/span>\n<\/li>\n<li class=\"product type-product post-2463 status-publish first outofstock product_cat-eventos product_tag-cosmovisao product_tag-criacionismo product_tag-curso product_tag-origem-da-vida has-post-thumbnail featured virtual purchasable product-type-simple\">\n\t<a href=\"https:\/\/scb.org.br\/numar\/loja\/eventos\/imersao\/\" class=\"woocommerce-LoopProduct-link woocommerce-loop-product__link\"><img loading=\"lazy\" decoding=\"async\" width=\"300\" height=\"300\" src=\"https:\/\/scb.org.br\/numar\/wp-content\/uploads\/sites\/6\/2018\/11\/Programa-Imers\u00e3o-Modulo-2-300x300.jpg\" class=\"attachment-woocommerce_thumbnail size-woocommerce_thumbnail\" alt=\"Imers\u00e3o ao Criacionismo (M\u00f3dulo II)\" srcset=\"https:\/\/scb.org.br\/numar\/wp-content\/uploads\/sites\/6\/2018\/11\/Programa-Imers\u00e3o-Modulo-2-300x300.jpg 300w, https:\/\/scb.org.br\/numar\/wp-content\/uploads\/sites\/6\/2018\/11\/Programa-Imers\u00e3o-Modulo-2-150x150.jpg 150w, https:\/\/scb.org.br\/numar\/wp-content\/uploads\/sites\/6\/2018\/11\/Programa-Imers\u00e3o-Modulo-2-100x100.jpg 100w\" sizes=\"auto, (max-width: 300px) 100vw, 300px\" \/><h2 class=\"woocommerce-loop-product__title\">Imers\u00e3o ao Criacionismo (M\u00f3dulo II)<\/h2>\n\t<span class=\"price\"><span class=\"woocommerce-Price-amount amount\"><bdi><span class=\"woocommerce-Price-currencySymbol\">&#82;&#36;<\/span>30,00<\/bdi><\/span><\/span>\n<\/a><a href=\"https:\/\/scb.org.br\/numar\/loja\/eventos\/imersao\/\" aria-describedby=\"woocommerce_loop_add_to_cart_link_describedby_2463\" data-quantity=\"1\" class=\"button product_type_simple\" data-product_id=\"2463\" data-product_sku=\"\" aria-label=\"Leia mais sobre &ldquo;Imers\u00e3o ao Criacionismo (M\u00f3dulo II)&rdquo;\" rel=\"nofollow\" data-success_message=\"\">Leia mais<\/a>\t<span id=\"woocommerce_loop_add_to_cart_link_describedby_2463\" class=\"screen-reader-text\">\n\t\t\t<\/span>\n<\/li>\n<li class=\"product type-product post-2517 status-publish outofstock product_cat-eventos product_tag-ciencia product_tag-cientificismo product_tag-complexidade-da-vida product_tag-congresso product_tag-cosmovisao product_tag-criacionismo product_tag-encontro product_tag-encontro-cientifico product_tag-evento-cientifico product_tag-fe product_tag-filosofia product_tag-mente product_tag-origens product_tag-simposio product_tag-simposio-universitario has-post-thumbnail sold-individually shipping-taxable purchasable product-type-variable\">\n\t<a href=\"https:\/\/scb.org.br\/numar\/loja\/eventos\/simposio-filosofia-e-fe\/\" class=\"woocommerce-LoopProduct-link woocommerce-loop-product__link\"><img loading=\"lazy\" decoding=\"async\" width=\"300\" height=\"300\" src=\"https:\/\/scb.org.br\/numar\/wp-content\/uploads\/sites\/6\/2019\/02\/Arte-Site-1-300x300.jpg\" class=\"attachment-woocommerce_thumbnail size-woocommerce_thumbnail\" alt=\"Simp\u00f3sio Filosofia e F\u00e9\" srcset=\"https:\/\/scb.org.br\/numar\/wp-content\/uploads\/sites\/6\/2019\/02\/Arte-Site-1-300x300.jpg 300w, https:\/\/scb.org.br\/numar\/wp-content\/uploads\/sites\/6\/2019\/02\/Arte-Site-1-150x150.jpg 150w, https:\/\/scb.org.br\/numar\/wp-content\/uploads\/sites\/6\/2019\/02\/Arte-Site-1-100x100.jpg 100w\" sizes=\"auto, (max-width: 300px) 100vw, 300px\" \/><h2 class=\"woocommerce-loop-product__title\">Simp\u00f3sio Filosofia e F\u00e9<\/h2>\n<\/a><a href=\"https:\/\/scb.org.br\/numar\/loja\/eventos\/simposio-filosofia-e-fe\/\" aria-describedby=\"woocommerce_loop_add_to_cart_link_describedby_2517\" data-quantity=\"1\" class=\"button product_type_variable\" data-product_id=\"2517\" data-product_sku=\"Evento-1-2\" aria-label=\"Selecione as op\u00e7\u00f5es para &ldquo;Simp\u00f3sio Filosofia e F\u00e9&rdquo;\" rel=\"nofollow\">Ver op\u00e7\u00f5es<\/a>\t<span id=\"woocommerce_loop_add_to_cart_link_describedby_2517\" class=\"screen-reader-text\">\n\t\tEste produto tem v\u00e1rias variantes. As op\u00e7\u00f5es podem ser escolhidas na p\u00e1gina do produto\t<\/span>\n<\/li>\n<li class=\"product type-product post-2343 status-publish outofstock product_cat-eventos product_tag-biologia product_tag-ciencia product_tag-cientificismo product_tag-complexidade-da-vida product_tag-congresso product_tag-corpo-humano product_tag-cosmovisao product_tag-criacionismo product_tag-encontro product_tag-encontro-cientifico product_tag-evento-cientifico product_tag-filosofia product_tag-origem-da-vida product_tag-origens product_tag-paleontologia product_tag-simposio product_tag-simposio-universitario has-post-thumbnail shipping-taxable purchasable product-type-variable\">\n\t<a href=\"https:\/\/scb.org.br\/numar\/loja\/eventos\/simposio-universitario-revisitando-as-origens\/\" class=\"woocommerce-LoopProduct-link woocommerce-loop-product__link\"><img loading=\"lazy\" decoding=\"async\" width=\"300\" height=\"300\" src=\"https:\/\/scb.org.br\/numar\/wp-content\/uploads\/sites\/6\/2018\/09\/whatsapp-1-300x300.jpg\" class=\"attachment-woocommerce_thumbnail size-woocommerce_thumbnail\" alt=\"Simp\u00f3sio Universit\u00e1rio - Revisitando as Origens (apresentar 1kg de alimento)\" srcset=\"https:\/\/scb.org.br\/numar\/wp-content\/uploads\/sites\/6\/2018\/09\/whatsapp-1-300x300.jpg 300w, https:\/\/scb.org.br\/numar\/wp-content\/uploads\/sites\/6\/2018\/09\/whatsapp-1-150x150.jpg 150w, https:\/\/scb.org.br\/numar\/wp-content\/uploads\/sites\/6\/2018\/09\/whatsapp-1-100x100.jpg 100w\" sizes=\"auto, (max-width: 300px) 100vw, 300px\" \/><h2 class=\"woocommerce-loop-product__title\">Simp\u00f3sio Universit\u00e1rio - Revisitando as Origens (apresentar 1kg de alimento)<\/h2>\n<\/a><a href=\"https:\/\/scb.org.br\/numar\/loja\/eventos\/simposio-universitario-revisitando-as-origens\/\" aria-describedby=\"woocommerce_loop_add_to_cart_link_describedby_2343\" data-quantity=\"1\" class=\"button product_type_variable\" data-product_id=\"2343\" data-product_sku=\"Evento-1\" aria-label=\"Selecione as op\u00e7\u00f5es para &ldquo;Simp\u00f3sio Universit\u00e1rio - Revisitando as Origens (apresentar 1kg de alimento)&rdquo;\" rel=\"nofollow\">Ver op\u00e7\u00f5es<\/a>\t<span id=\"woocommerce_loop_add_to_cart_link_describedby_2343\" class=\"screen-reader-text\">\n\t\tEste produto tem v\u00e1rias variantes. As op\u00e7\u00f5es podem ser escolhidas na p\u00e1gina do produto\t<\/span>\n<\/li>\n<li class=\"product type-product post-2027 status-publish last outofstock product_cat-eventos product_tag-arte-de-falar-em-publico product_tag-falar-em-publico product_tag-oratoria has-post-thumbnail sale virtual purchasable product-type-simple\">\n\t<a href=\"https:\/\/scb.org.br\/numar\/loja\/eventos\/super-curso-de-oratoria\/\" class=\"woocommerce-LoopProduct-link woocommerce-loop-product__link\">\n\t<span class=\"onsale\">Oferta!<\/span>\n\t<img loading=\"lazy\" decoding=\"async\" width=\"300\" height=\"300\" src=\"https:\/\/scb.org.br\/numar\/wp-content\/uploads\/sites\/6\/2018\/04\/30184746_954735668025976_1200858394_n-1-300x300.jpg\" class=\"attachment-woocommerce_thumbnail size-woocommerce_thumbnail\" alt=\"Super Curso de Orat\u00f3ria\" srcset=\"https:\/\/scb.org.br\/numar\/wp-content\/uploads\/sites\/6\/2018\/04\/30184746_954735668025976_1200858394_n-1-300x300.jpg 300w, https:\/\/scb.org.br\/numar\/wp-content\/uploads\/sites\/6\/2018\/04\/30184746_954735668025976_1200858394_n-1-150x150.jpg 150w, https:\/\/scb.org.br\/numar\/wp-content\/uploads\/sites\/6\/2018\/04\/30184746_954735668025976_1200858394_n-1-768x768.jpg 768w, https:\/\/scb.org.br\/numar\/wp-content\/uploads\/sites\/6\/2018\/04\/30184746_954735668025976_1200858394_n-1-600x600.jpg 600w, https:\/\/scb.org.br\/numar\/wp-content\/uploads\/sites\/6\/2018\/04\/30184746_954735668025976_1200858394_n-1-100x100.jpg 100w, https:\/\/scb.org.br\/numar\/wp-content\/uploads\/sites\/6\/2018\/04\/30184746_954735668025976_1200858394_n-1.jpg 960w\" sizes=\"auto, (max-width: 300px) 100vw, 300px\" \/><h2 class=\"woocommerce-loop-product__title\">Super Curso de Orat\u00f3ria<\/h2>\n\t<span class=\"price\"><del aria-hidden=\"true\"><span class=\"woocommerce-Price-amount amount\"><bdi><span class=\"woocommerce-Price-currencySymbol\">&#82;&#36;<\/span>250,00<\/bdi><\/span><\/del> <span class=\"screen-reader-text\">O pre\u00e7o original era: &#082;&#036;250,00.<\/span><ins aria-hidden=\"true\"><span class=\"woocommerce-Price-amount amount\"><bdi><span class=\"woocommerce-Price-currencySymbol\">&#82;&#36;<\/span>200,00<\/bdi><\/span><\/ins><span class=\"screen-reader-text\">O pre\u00e7o atual \u00e9: &#082;&#036;200,00.<\/span><\/span>\n<\/a><a href=\"https:\/\/scb.org.br\/numar\/loja\/eventos\/super-curso-de-oratoria\/\" aria-describedby=\"woocommerce_loop_add_to_cart_link_describedby_2027\" data-quantity=\"1\" class=\"button product_type_simple\" data-product_id=\"2027\" data-product_sku=\"Oratoria, Curso\" aria-label=\"Leia mais sobre &ldquo;Super Curso de Orat\u00f3ria&rdquo;\" rel=\"nofollow\" data-success_message=\"\">Leia mais<\/a>\t<span id=\"woocommerce_loop_add_to_cart_link_describedby_2027\" class=\"screen-reader-text\">\n\t\t\t<\/span>\n<\/li>\n<\/ul>\n<\/div>\n","protected":false},"excerpt":{"rendered":"","protected":false},"author":1,"featured_media":0,"parent":0,"menu_order":0,"comment_status":"closed","ping_status":"closed","template":"","meta":{"_acf_changed":false,"om_disable_all_campaigns":false,"footnotes":""},"class_list":["post-1685","page","type-page","status-publish","hentry"],"acf":[],"yoast_head":"<!-- This site is optimized with the Yoast SEO plugin v27.3 - https:\/\/yoast.com\/product\/yoast-seo-wordpress\/ -->\n<title>Eventos - NUMAR-SCB<\/title>\n<meta name=\"robots\" content=\"index, follow, max-snippet:-1, max-image-preview:large, max-video-preview:-1\" \/>\n<link rel=\"canonical\" href=\"https:\/\/scb.org.br\/numar\/eventos\/\" \/>\n<meta property=\"og:locale\" content=\"pt_BR\" \/>\n<meta property=\"og:type\" content=\"article\" \/>\n<meta property=\"og:title\" content=\"Eventos - NUMAR-SCB\" \/>\n<meta property=\"og:url\" content=\"https:\/\/scb.org.br\/numar\/eventos\/\" \/>\n<meta property=\"og:site_name\" content=\"NUMAR-SCB\" \/>\n<meta name=\"twitter:card\" content=\"summary_large_image\" \/>\n<script type=\"application\/ld+json\" class=\"yoast-schema-graph\">{\"@context\":\"https:\\\/\\\/schema.org\",\"@graph\":[{\"@type\":\"WebPage\",\"@id\":\"https:\\\/\\\/scb.org.br\\\/numar\\\/eventos\\\/\",\"url\":\"https:\\\/\\\/scb.org.br\\\/numar\\\/eventos\\\/\",\"name\":\"Eventos - NUMAR-SCB\",\"isPartOf\":{\"@id\":\"https:\\\/\\\/scb.org.br\\\/numar\\\/#website\"},\"datePublished\":\"2017-08-18T01:51:50+00:00\",\"breadcrumb\":{\"@id\":\"https:\\\/\\\/scb.org.br\\\/numar\\\/eventos\\\/#breadcrumb\"},\"inLanguage\":\"pt-BR\",\"potentialAction\":[{\"@type\":\"ReadAction\",\"target\":[\"https:\\\/\\\/scb.org.br\\\/numar\\\/eventos\\\/\"]}]},{\"@type\":\"BreadcrumbList\",\"@id\":\"https:\\\/\\\/scb.org.br\\\/numar\\\/eventos\\\/#breadcrumb\",\"itemListElement\":[{\"@type\":\"ListItem\",\"position\":1,\"name\":\"P\u00e1gina Inicial\",\"item\":\"https:\\\/\\\/scb.org.br\\\/numar\\\/\"},{\"@type\":\"ListItem\",\"position\":2,\"name\":\"Eventos\"}]},{\"@type\":\"WebSite\",\"@id\":\"https:\\\/\\\/scb.org.br\\\/numar\\\/#website\",\"url\":\"https:\\\/\\\/scb.org.br\\\/numar\\\/\",\"name\":\"NUMAR-SCB\",\"description\":\"N\u00facleo Maringaense da Sociedade Criacionista Brasileira\",\"publisher\":{\"@id\":\"https:\\\/\\\/scb.org.br\\\/numar\\\/#organization\"},\"potentialAction\":[{\"@type\":\"SearchAction\",\"target\":{\"@type\":\"EntryPoint\",\"urlTemplate\":\"https:\\\/\\\/scb.org.br\\\/numar\\\/?s={search_term_string}\"},\"query-input\":{\"@type\":\"PropertyValueSpecification\",\"valueRequired\":true,\"valueName\":\"search_term_string\"}}],\"inLanguage\":\"pt-BR\"},{\"@type\":\"Organization\",\"@id\":\"https:\\\/\\\/scb.org.br\\\/numar\\\/#organization\",\"name\":\"NUMAR-SCB - N\u00facleo Maringaense da Sociedade Criacionista Brasileira\",\"url\":\"https:\\\/\\\/scb.org.br\\\/numar\\\/\",\"logo\":{\"@type\":\"ImageObject\",\"inLanguage\":\"pt-BR\",\"@id\":\"https:\\\/\\\/scb.org.br\\\/numar\\\/#\\\/schema\\\/logo\\\/image\\\/\",\"url\":\"https:\\\/\\\/scb.org.br\\\/numar\\\/wp-content\\\/uploads\\\/sites\\\/6\\\/2020\\\/05\\\/logo-1.png\",\"contentUrl\":\"https:\\\/\\\/scb.org.br\\\/numar\\\/wp-content\\\/uploads\\\/sites\\\/6\\\/2020\\\/05\\\/logo-1.png\",\"width\":248,\"height\":263,\"caption\":\"NUMAR-SCB - N\u00facleo Maringaense da Sociedade Criacionista Brasileira\"},\"image\":{\"@id\":\"https:\\\/\\\/scb.org.br\\\/numar\\\/#\\\/schema\\\/logo\\\/image\\\/\"}}]}<\/script>\n<!-- \/ Yoast SEO plugin. -->","yoast_head_json":{"title":"Eventos - NUMAR-SCB","robots":{"index":"index","follow":"follow","max-snippet":"max-snippet:-1","max-image-preview":"max-image-preview:large","max-video-preview":"max-video-preview:-1"},"canonical":"https:\/\/scb.org.br\/numar\/eventos\/","og_locale":"pt_BR","og_type":"article","og_title":"Eventos - NUMAR-SCB","og_url":"https:\/\/scb.org.br\/numar\/eventos\/","og_site_name":"NUMAR-SCB","twitter_card":"summary_large_image","schema":{"@context":"https:\/\/schema.org","@graph":[{"@type":"WebPage","@id":"https:\/\/scb.org.br\/numar\/eventos\/","url":"https:\/\/scb.org.br\/numar\/eventos\/","name":"Eventos - NUMAR-SCB","isPartOf":{"@id":"https:\/\/scb.org.br\/numar\/#website"},"datePublished":"2017-08-18T01:51:50+00:00","breadcrumb":{"@id":"https:\/\/scb.org.br\/numar\/eventos\/#breadcrumb"},"inLanguage":"pt-BR","potentialAction":[{"@type":"ReadAction","target":["https:\/\/scb.org.br\/numar\/eventos\/"]}]},{"@type":"BreadcrumbList","@id":"https:\/\/scb.org.br\/numar\/eventos\/#breadcrumb","itemListElement":[{"@type":"ListItem","position":1,"name":"P\u00e1gina Inicial","item":"https:\/\/scb.org.br\/numar\/"},{"@type":"ListItem","position":2,"name":"Eventos"}]},{"@type":"WebSite","@id":"https:\/\/scb.org.br\/numar\/#website","url":"https:\/\/scb.org.br\/numar\/","name":"NUMAR-SCB","description":"N\u00facleo Maringaense da Sociedade Criacionista Brasileira","publisher":{"@id":"https:\/\/scb.org.br\/numar\/#organization"},"potentialAction":[{"@type":"SearchAction","target":{"@type":"EntryPoint","urlTemplate":"https:\/\/scb.org.br\/numar\/?s={search_term_string}"},"query-input":{"@type":"PropertyValueSpecification","valueRequired":true,"valueName":"search_term_string"}}],"inLanguage":"pt-BR"},{"@type":"Organization","@id":"https:\/\/scb.org.br\/numar\/#organization","name":"NUMAR-SCB - N\u00facleo Maringaense da Sociedade Criacionista Brasileira","url":"https:\/\/scb.org.br\/numar\/","logo":{"@type":"ImageObject","inLanguage":"pt-BR","@id":"https:\/\/scb.org.br\/numar\/#\/schema\/logo\/image\/","url":"https:\/\/scb.org.br\/numar\/wp-content\/uploads\/sites\/6\/2020\/05\/logo-1.png","contentUrl":"https:\/\/scb.org.br\/numar\/wp-content\/uploads\/sites\/6\/2020\/05\/logo-1.png","width":248,"height":263,"caption":"NUMAR-SCB - N\u00facleo Maringaense da Sociedade Criacionista Brasileira"},"image":{"@id":"https:\/\/scb.org.br\/numar\/#\/schema\/logo\/image\/"}}]}},"_links":{"self":[{"href":"https:\/\/scb.org.br\/numar\/wp-json\/wp\/v2\/pages\/1685","targetHints":{"allow":["GET"]}}],"collection":[{"href":"https:\/\/scb.org.br\/numar\/wp-json\/wp\/v2\/pages"}],"about":[{"href":"https:\/\/scb.org.br\/numar\/wp-json\/wp\/v2\/types\/page"}],"author":[{"embeddable":true,"href":"https:\/\/scb.org.br\/numar\/wp-json\/wp\/v2\/users\/1"}],"replies":[{"embeddable":true,"href":"https:\/\/scb.org.br\/numar\/wp-json\/wp\/v2\/comments?post=1685"}],"version-history":[{"count":0,"href":"https:\/\/scb.org.br\/numar\/wp-json\/wp\/v2\/pages\/1685\/revisions"}],"wp:attachment":[{"href":"https:\/\/scb.org.br\/numar\/wp-json\/wp\/v2\/media?parent=1685"}],"curies":[{"name":"wp","href":"https:\/\/api.w.org\/{rel}","templated":true}]}}