{"id":136,"date":"2020-02-26T22:08:09","date_gmt":"2020-02-27T01:08:09","guid":{"rendered":"https:\/\/nucri.scb.org.br\/?page_id=136"},"modified":"2020-02-26T22:08:09","modified_gmt":"2020-02-27T01:08:09","slug":"historia","status":"publish","type":"page","link":"https:\/\/scb.org.br\/nucri\/institucional\/historia\/","title":{"rendered":"Hist\u00f3ria"},"content":{"rendered":"<p>O NUCRI-SCB iniciou suas atividades na data de 07 de outubro de 2018, com um grupo de 12 membros no intuito de escolher sua diretoria e iniciar os planejamentos, de acordo com os objetivos principais.<\/p>\n<p>Em 01 de dezembro de 2018, os membros do NUCRI-SCB se reuniram e decidiram o prop\u00f3sito do n\u00facleo, aquele que deve reger todas as atividades e guiar todas as decis\u00f5es, qual seja: \u201cPROMOVER O CRIACIONISMO B\u00cdBLICO, OPORTUNIZANDO O DI\u00c1LOGO DAS TEORIAS SOBRE A ORIGEM DA VIDA E DO UNIVERSO\u201d.<\/p>\n","protected":false},"excerpt":{"rendered":"<p>O NUCRI-SCB iniciou suas atividades na data de 07 de outubro de 2018, com um grupo de 12 membros no intuito de escolher sua diretoria e iniciar os planejamentos, de acordo com os objetivos principais. Em 01 de dezembro de 2018, os membros do NUCRI-SCB se reuniram e decidiram o prop\u00f3sito do n\u00facleo, aquele que [&hellip;]<\/p>\n","protected":false},"author":1,"featured_media":0,"parent":80,"menu_order":0,"comment_status":"closed","ping_status":"closed","template":"","meta":{"_acf_changed":false,"_et_pb_use_builder":"","_et_pb_old_content":"","_et_gb_content_width":"","om_disable_all_campaigns":false,"footnotes":""},"class_list":["post-136","page","type-page","status-publish","hentry"],"acf":[],"yoast_head":"<!-- This site is optimized with the Yoast SEO plugin v27.3 - https:\/\/yoast.com\/product\/yoast-seo-wordpress\/ -->\n<title>Hist\u00f3ria - NUCRI-SCB<\/title>\n<meta name=\"robots\" content=\"index, follow, max-snippet:-1, max-image-preview:large, max-video-preview:-1\" \/>\n<link rel=\"canonical\" href=\"https:\/\/scb.org.br\/nucri\/institucional\/historia\/\" \/>\n<meta property=\"og:locale\" content=\"pt_BR\" \/>\n<meta property=\"og:type\" content=\"article\" \/>\n<meta property=\"og:title\" content=\"Hist\u00f3ria - NUCRI-SCB\" \/>\n<meta property=\"og:description\" content=\"O NUCRI-SCB iniciou suas atividades na data de 07 de outubro de 2018, com um grupo de 12 membros no intuito de escolher sua diretoria e iniciar os planejamentos, de acordo com os objetivos principais. Em 01 de dezembro de 2018, os membros do NUCRI-SCB se reuniram e decidiram o prop\u00f3sito do n\u00facleo, aquele que [&hellip;]\" \/>\n<meta property=\"og:url\" content=\"https:\/\/scb.org.br\/nucri\/institucional\/historia\/\" \/>\n<meta property=\"og:site_name\" content=\"NUCRI-SCB\" \/>\n<meta name=\"twitter:card\" content=\"summary_large_image\" \/>\n<script type=\"application\/ld+json\" class=\"yoast-schema-graph\">{\"@context\":\"https:\\\/\\\/schema.org\",\"@graph\":[{\"@type\":\"WebPage\",\"@id\":\"https:\\\/\\\/scb.org.br\\\/nucri\\\/institucional\\\/historia\\\/\",\"url\":\"https:\\\/\\\/scb.org.br\\\/nucri\\\/institucional\\\/historia\\\/\",\"name\":\"Hist\u00f3ria - NUCRI-SCB\",\"isPartOf\":{\"@id\":\"https:\\\/\\\/scb.org.br\\\/nucri\\\/#website\"},\"datePublished\":\"2020-02-27T01:08:09+00:00\",\"breadcrumb\":{\"@id\":\"https:\\\/\\\/scb.org.br\\\/nucri\\\/institucional\\\/historia\\\/#breadcrumb\"},\"inLanguage\":\"pt-BR\",\"potentialAction\":[{\"@type\":\"ReadAction\",\"target\":[\"https:\\\/\\\/scb.org.br\\\/nucri\\\/institucional\\\/historia\\\/\"]}]},{\"@type\":\"BreadcrumbList\",\"@id\":\"https:\\\/\\\/scb.org.br\\\/nucri\\\/institucional\\\/historia\\\/#breadcrumb\",\"itemListElement\":[{\"@type\":\"ListItem\",\"position\":1,\"name\":\"Home\",\"item\":\"https:\\\/\\\/scb.org.br\\\/nucri\\\/\"},{\"@type\":\"ListItem\",\"position\":2,\"name\":\"Institucional\",\"item\":\"https:\\\/\\\/scb.org.br\\\/nucri\\\/institucional\\\/\"},{\"@type\":\"ListItem\",\"position\":3,\"name\":\"Hist\u00f3ria\"}]},{\"@type\":\"WebSite\",\"@id\":\"https:\\\/\\\/scb.org.br\\\/nucri\\\/#website\",\"url\":\"https:\\\/\\\/scb.org.br\\\/nucri\\\/\",\"name\":\"NUCRI-SCB\",\"description\":\"Just another SCB site\",\"potentialAction\":[{\"@type\":\"SearchAction\",\"target\":{\"@type\":\"EntryPoint\",\"urlTemplate\":\"https:\\\/\\\/scb.org.br\\\/nucri\\\/?s={search_term_string}\"},\"query-input\":{\"@type\":\"PropertyValueSpecification\",\"valueRequired\":true,\"valueName\":\"search_term_string\"}}],\"inLanguage\":\"pt-BR\"}]}<\/script>\n<!-- \/ Yoast SEO plugin. -->","yoast_head_json":{"title":"Hist\u00f3ria - NUCRI-SCB","robots":{"index":"index","follow":"follow","max-snippet":"max-snippet:-1","max-image-preview":"max-image-preview:large","max-video-preview":"max-video-preview:-1"},"canonical":"https:\/\/scb.org.br\/nucri\/institucional\/historia\/","og_locale":"pt_BR","og_type":"article","og_title":"Hist\u00f3ria - NUCRI-SCB","og_description":"O NUCRI-SCB iniciou suas atividades na data de 07 de outubro de 2018, com um grupo de 12 membros no intuito de escolher sua diretoria e iniciar os planejamentos, de acordo com os objetivos principais. Em 01 de dezembro de 2018, os membros do NUCRI-SCB se reuniram e decidiram o prop\u00f3sito do n\u00facleo, aquele que [&hellip;]","og_url":"https:\/\/scb.org.br\/nucri\/institucional\/historia\/","og_site_name":"NUCRI-SCB","twitter_card":"summary_large_image","schema":{"@context":"https:\/\/schema.org","@graph":[{"@type":"WebPage","@id":"https:\/\/scb.org.br\/nucri\/institucional\/historia\/","url":"https:\/\/scb.org.br\/nucri\/institucional\/historia\/","name":"Hist\u00f3ria - NUCRI-SCB","isPartOf":{"@id":"https:\/\/scb.org.br\/nucri\/#website"},"datePublished":"2020-02-27T01:08:09+00:00","breadcrumb":{"@id":"https:\/\/scb.org.br\/nucri\/institucional\/historia\/#breadcrumb"},"inLanguage":"pt-BR","potentialAction":[{"@type":"ReadAction","target":["https:\/\/scb.org.br\/nucri\/institucional\/historia\/"]}]},{"@type":"BreadcrumbList","@id":"https:\/\/scb.org.br\/nucri\/institucional\/historia\/#breadcrumb","itemListElement":[{"@type":"ListItem","position":1,"name":"Home","item":"https:\/\/scb.org.br\/nucri\/"},{"@type":"ListItem","position":2,"name":"Institucional","item":"https:\/\/scb.org.br\/nucri\/institucional\/"},{"@type":"ListItem","position":3,"name":"Hist\u00f3ria"}]},{"@type":"WebSite","@id":"https:\/\/scb.org.br\/nucri\/#website","url":"https:\/\/scb.org.br\/nucri\/","name":"NUCRI-SCB","description":"Just another SCB site","potentialAction":[{"@type":"SearchAction","target":{"@type":"EntryPoint","urlTemplate":"https:\/\/scb.org.br\/nucri\/?s={search_term_string}"},"query-input":{"@type":"PropertyValueSpecification","valueRequired":true,"valueName":"search_term_string"}}],"inLanguage":"pt-BR"}]}},"_links":{"self":[{"href":"https:\/\/scb.org.br\/nucri\/wp-json\/wp\/v2\/pages\/136","targetHints":{"allow":["GET"]}}],"collection":[{"href":"https:\/\/scb.org.br\/nucri\/wp-json\/wp\/v2\/pages"}],"about":[{"href":"https:\/\/scb.org.br\/nucri\/wp-json\/wp\/v2\/types\/page"}],"author":[{"embeddable":true,"href":"https:\/\/scb.org.br\/nucri\/wp-json\/wp\/v2\/users\/1"}],"replies":[{"embeddable":true,"href":"https:\/\/scb.org.br\/nucri\/wp-json\/wp\/v2\/comments?post=136"}],"version-history":[{"count":1,"href":"https:\/\/scb.org.br\/nucri\/wp-json\/wp\/v2\/pages\/136\/revisions"}],"predecessor-version":[{"id":139,"href":"https:\/\/scb.org.br\/nucri\/wp-json\/wp\/v2\/pages\/136\/revisions\/139"}],"up":[{"embeddable":true,"href":"https:\/\/scb.org.br\/nucri\/wp-json\/wp\/v2\/pages\/80"}],"wp:attachment":[{"href":"https:\/\/scb.org.br\/nucri\/wp-json\/wp\/v2\/media?parent=136"}],"curies":[{"name":"wp","href":"https:\/\/api.w.org\/{rel}","templated":true}]}}