{"id":130,"date":"2020-02-26T21:58:48","date_gmt":"2020-02-27T00:58:48","guid":{"rendered":"https:\/\/nucri.scb.org.br\/?page_id=130"},"modified":"2020-02-26T21:58:48","modified_gmt":"2020-02-27T00:58:48","slug":"diretoria","status":"publish","type":"page","link":"https:\/\/scb.org.br\/nucri\/institucional\/diretoria\/","title":{"rendered":"Diretoria"},"content":{"rendered":"[et_pb_section bb_built=&#8221;1&#8243;][et_pb_row][et_pb_column type=&#8221;4_4&#8243;][et_pb_text]\n<p>Abaixo est\u00e3o os atuais l\u00edderes, l\u00edderes previstos no estatuto e atualmente em exerc\u00edcio.<\/p>\n<p>&nbsp;<\/p>\n[\/et_pb_text][et_pb_text _builder_version=&#8221;4.2.2&#8243; text_text_shadow_horizontal_length=&#8221;text_text_shadow_style,%91object Object%93&#8243; text_text_shadow_horizontal_length_tablet=&#8221;0px&#8221; text_text_shadow_vertical_length=&#8221;text_text_shadow_style,%91object Object%93&#8243; text_text_shadow_vertical_length_tablet=&#8221;0px&#8221; text_text_shadow_blur_strength=&#8221;text_text_shadow_style,%91object Object%93&#8243; text_text_shadow_blur_strength_tablet=&#8221;1px&#8221; link_text_shadow_horizontal_length=&#8221;link_text_shadow_style,%91object Object%93&#8243; link_text_shadow_horizontal_length_tablet=&#8221;0px&#8221; link_text_shadow_vertical_length=&#8221;link_text_shadow_style,%91object Object%93&#8243; link_text_shadow_vertical_length_tablet=&#8221;0px&#8221; link_text_shadow_blur_strength=&#8221;link_text_shadow_style,%91object Object%93&#8243; link_text_shadow_blur_strength_tablet=&#8221;1px&#8221; ul_text_shadow_horizontal_length=&#8221;ul_text_shadow_style,%91object Object%93&#8243; ul_text_shadow_horizontal_length_tablet=&#8221;0px&#8221; ul_text_shadow_vertical_length=&#8221;ul_text_shadow_style,%91object Object%93&#8243; ul_text_shadow_vertical_length_tablet=&#8221;0px&#8221; ul_text_shadow_blur_strength=&#8221;ul_text_shadow_style,%91object Object%93&#8243; ul_text_shadow_blur_strength_tablet=&#8221;1px&#8221; ol_text_shadow_horizontal_length=&#8221;ol_text_shadow_style,%91object Object%93&#8243; ol_text_shadow_horizontal_length_tablet=&#8221;0px&#8221; ol_text_shadow_vertical_length=&#8221;ol_text_shadow_style,%91object Object%93&#8243; ol_text_shadow_vertical_length_tablet=&#8221;0px&#8221; ol_text_shadow_blur_strength=&#8221;ol_text_shadow_style,%91object Object%93&#8243; ol_text_shadow_blur_strength_tablet=&#8221;1px&#8221; quote_text_shadow_horizontal_length=&#8221;quote_text_shadow_style,%91object Object%93&#8243; quote_text_shadow_horizontal_length_tablet=&#8221;0px&#8221; quote_text_shadow_vertical_length=&#8221;quote_text_shadow_style,%91object Object%93&#8243; quote_text_shadow_vertical_length_tablet=&#8221;0px&#8221; quote_text_shadow_blur_strength=&#8221;quote_text_shadow_style,%91object Object%93&#8243; quote_text_shadow_blur_strength_tablet=&#8221;1px&#8221; header_text_shadow_horizontal_length=&#8221;header_text_shadow_style,%91object Object%93&#8243; header_text_shadow_horizontal_length_tablet=&#8221;0px&#8221; header_text_shadow_vertical_length=&#8221;header_text_shadow_style,%91object Object%93&#8243; header_text_shadow_vertical_length_tablet=&#8221;0px&#8221; header_text_shadow_blur_strength=&#8221;header_text_shadow_style,%91object Object%93&#8243; header_text_shadow_blur_strength_tablet=&#8221;1px&#8221; header_2_text_shadow_horizontal_length=&#8221;header_2_text_shadow_style,%91object Object%93&#8243; header_2_text_shadow_horizontal_length_tablet=&#8221;0px&#8221; header_2_text_shadow_vertical_length=&#8221;header_2_text_shadow_style,%91object Object%93&#8243; header_2_text_shadow_vertical_length_tablet=&#8221;0px&#8221; header_2_text_shadow_blur_strength=&#8221;header_2_text_shadow_style,%91object Object%93&#8243; header_2_text_shadow_blur_strength_tablet=&#8221;1px&#8221; header_3_text_shadow_horizontal_length=&#8221;header_3_text_shadow_style,%91object Object%93&#8243; header_3_text_shadow_horizontal_length_tablet=&#8221;0px&#8221; header_3_text_shadow_vertical_length=&#8221;header_3_text_shadow_style,%91object Object%93&#8243; header_3_text_shadow_vertical_length_tablet=&#8221;0px&#8221; header_3_text_shadow_blur_strength=&#8221;header_3_text_shadow_style,%91object Object%93&#8243; header_3_text_shadow_blur_strength_tablet=&#8221;1px&#8221; header_4_text_shadow_horizontal_length=&#8221;header_4_text_shadow_style,%91object Object%93&#8243; header_4_text_shadow_horizontal_length_tablet=&#8221;0px&#8221; header_4_text_shadow_vertical_length=&#8221;header_4_text_shadow_style,%91object Object%93&#8243; header_4_text_shadow_vertical_length_tablet=&#8221;0px&#8221; header_4_text_shadow_blur_strength=&#8221;header_4_text_shadow_style,%91object Object%93&#8243; header_4_text_shadow_blur_strength_tablet=&#8221;1px&#8221; header_5_text_shadow_horizontal_length=&#8221;header_5_text_shadow_style,%91object Object%93&#8243; header_5_text_shadow_horizontal_length_tablet=&#8221;0px&#8221; header_5_text_shadow_vertical_length=&#8221;header_5_text_shadow_style,%91object Object%93&#8243; header_5_text_shadow_vertical_length_tablet=&#8221;0px&#8221; header_5_text_shadow_blur_strength=&#8221;header_5_text_shadow_style,%91object Object%93&#8243; header_5_text_shadow_blur_strength_tablet=&#8221;1px&#8221; header_6_text_shadow_horizontal_length=&#8221;header_6_text_shadow_style,%91object Object%93&#8243; header_6_text_shadow_horizontal_length_tablet=&#8221;0px&#8221; header_6_text_shadow_vertical_length=&#8221;header_6_text_shadow_style,%91object Object%93&#8243; header_6_text_shadow_vertical_length_tablet=&#8221;0px&#8221; header_6_text_shadow_blur_strength=&#8221;header_6_text_shadow_style,%91object Object%93&#8243; header_6_text_shadow_blur_strength_tablet=&#8221;1px&#8221; box_shadow_horizontal_tablet=&#8221;0px&#8221; box_shadow_vertical_tablet=&#8221;0px&#8221; box_shadow_blur_tablet=&#8221;40px&#8221; box_shadow_spread_tablet=&#8221;0px&#8221; vertical_offset_tablet=&#8221;0&#8243; horizontal_offset_tablet=&#8221;0&#8243; z_index_tablet=&#8221;0&#8243;]\n<p><strong>Diretor Presidente:<\/strong> Tiago Moreti<br \/><strong>Diretora Executiva e Diretora Jur\u00eddica: <\/strong>Emanuela dos Santos Borges (OAB\/SC 56569)<br \/><strong>Diretora de Secretaria: <\/strong>M\u00f4nica Martins Binatti<br \/><strong>Diretor Financeiro e Cont\u00e1bil: <\/strong>Anderson Miguel Pinto<br \/><strong>Diretor de M\u00eddia e Marketing: <\/strong>Rog\u00e9rio de Camargo Cortina<br \/><strong>Diretora de Ensino: <\/strong>Euzenilda Rosa Lira<br \/><strong>Diretora de Extens\u00e3o: <\/strong>Rosimeri Vieira da Cruz de Souza<br \/><strong>Diretora de A\u00e7\u00f5es Infanto-Juvenis: <\/strong>Elisiani Claudino Faceto<br \/><strong>Diretora de Cria\u00e7\u00e3o: <\/strong>Denise de Castro Garcia<br \/><strong>Diretor Espiritual (Capel\u00e3o): <\/strong>R\u00f4mulo Felipe Garcia<\/p>\n[\/et_pb_text][\/et_pb_column][\/et_pb_row][\/et_pb_section]\n","protected":false},"excerpt":{"rendered":"<p><div class=\"et_pb_row et_pb_row_0 et_pb_row_empty\">\n\t\t\t\t\n\t\t\t\t\n\t\t\t\t\n\t\t\t\t\n\t\t\t\t\n\t\t\t<\/div><div class=\"et_pb_module et_pb_text et_pb_text_0  et_pb_text_align_left et_pb_bg_layout_light\">\n\t\t\t\t\n\t\t\t\t\n\t\t\t\t\n\t\t\t\t\n\t\t\t\t\n\t\t\t<\/div> Abaixo est\u00e3o os atuais l\u00edderes, l\u00edderes previstos no estatuto e atualmente em exerc\u00edcio. &nbsp; Diretor Presidente: Tiago MoretiDiretora Executiva e Diretora Jur\u00eddica: Emanuela dos Santos Borges (OAB\/SC 56569)Diretora de Secretaria: M\u00f4nica Martins BinattiDiretor Financeiro e Cont\u00e1bil: Anderson Miguel PintoDiretor de M\u00eddia e Marketing: Rog\u00e9rio de Camargo CortinaDiretora de Ensino: Euzenilda Rosa LiraDiretora de Extens\u00e3o: [&hellip;]<\/p>\n","protected":false},"author":1,"featured_media":0,"parent":80,"menu_order":0,"comment_status":"closed","ping_status":"closed","template":"","meta":{"_acf_changed":false,"_et_pb_use_builder":"on","_et_pb_old_content":"<p>Abaixo est\u00e3o os atuais l\u00edderes, l\u00edderes previstos no estatuto e atualmente em exerc\u00edcio.<\/p><p>\u00a0<\/p>","_et_gb_content_width":"","om_disable_all_campaigns":false,"footnotes":""},"class_list":["post-130","page","type-page","status-publish","hentry"],"acf":[],"yoast_head":"<!-- This site is optimized with the Yoast SEO plugin v27.3 - https:\/\/yoast.com\/product\/yoast-seo-wordpress\/ -->\n<title>Diretoria - NUCRI-SCB<\/title>\n<meta name=\"robots\" content=\"index, follow, max-snippet:-1, max-image-preview:large, max-video-preview:-1\" \/>\n<link rel=\"canonical\" href=\"https:\/\/scb.org.br\/nucri\/institucional\/diretoria\/\" \/>\n<meta property=\"og:locale\" content=\"pt_BR\" \/>\n<meta property=\"og:type\" content=\"article\" \/>\n<meta property=\"og:title\" content=\"Diretoria - NUCRI-SCB\" \/>\n<meta property=\"og:description\" content=\"Abaixo est\u00e3o os atuais l\u00edderes, l\u00edderes previstos no estatuto e atualmente em exerc\u00edcio. &nbsp; Diretor Presidente: Tiago MoretiDiretora Executiva e Diretora Jur\u00eddica: Emanuela dos Santos Borges (OAB\/SC 56569)Diretora de Secretaria: M\u00f4nica Martins BinattiDiretor Financeiro e Cont\u00e1bil: Anderson Miguel PintoDiretor de M\u00eddia e Marketing: Rog\u00e9rio de Camargo CortinaDiretora de Ensino: Euzenilda Rosa LiraDiretora de Extens\u00e3o: [&hellip;]\" \/>\n<meta property=\"og:url\" content=\"https:\/\/scb.org.br\/nucri\/institucional\/diretoria\/\" \/>\n<meta property=\"og:site_name\" content=\"NUCRI-SCB\" \/>\n<meta name=\"twitter:card\" content=\"summary_large_image\" \/>\n<meta name=\"twitter:label1\" content=\"Est. tempo de leitura\" \/>\n\t<meta name=\"twitter:data1\" content=\"4 minutos\" \/>\n<script type=\"application\/ld+json\" class=\"yoast-schema-graph\">{\"@context\":\"https:\\\/\\\/schema.org\",\"@graph\":[{\"@type\":\"WebPage\",\"@id\":\"https:\\\/\\\/scb.org.br\\\/nucri\\\/institucional\\\/diretoria\\\/\",\"url\":\"https:\\\/\\\/scb.org.br\\\/nucri\\\/institucional\\\/diretoria\\\/\",\"name\":\"Diretoria - NUCRI-SCB\",\"isPartOf\":{\"@id\":\"https:\\\/\\\/scb.org.br\\\/nucri\\\/#website\"},\"datePublished\":\"2020-02-27T00:58:48+00:00\",\"breadcrumb\":{\"@id\":\"https:\\\/\\\/scb.org.br\\\/nucri\\\/institucional\\\/diretoria\\\/#breadcrumb\"},\"inLanguage\":\"pt-BR\",\"potentialAction\":[{\"@type\":\"ReadAction\",\"target\":[\"https:\\\/\\\/scb.org.br\\\/nucri\\\/institucional\\\/diretoria\\\/\"]}]},{\"@type\":\"BreadcrumbList\",\"@id\":\"https:\\\/\\\/scb.org.br\\\/nucri\\\/institucional\\\/diretoria\\\/#breadcrumb\",\"itemListElement\":[{\"@type\":\"ListItem\",\"position\":1,\"name\":\"Home\",\"item\":\"https:\\\/\\\/scb.org.br\\\/nucri\\\/\"},{\"@type\":\"ListItem\",\"position\":2,\"name\":\"Institucional\",\"item\":\"https:\\\/\\\/scb.org.br\\\/nucri\\\/institucional\\\/\"},{\"@type\":\"ListItem\",\"position\":3,\"name\":\"Diretoria\"}]},{\"@type\":\"WebSite\",\"@id\":\"https:\\\/\\\/scb.org.br\\\/nucri\\\/#website\",\"url\":\"https:\\\/\\\/scb.org.br\\\/nucri\\\/\",\"name\":\"NUCRI-SCB\",\"description\":\"Just another SCB site\",\"potentialAction\":[{\"@type\":\"SearchAction\",\"target\":{\"@type\":\"EntryPoint\",\"urlTemplate\":\"https:\\\/\\\/scb.org.br\\\/nucri\\\/?s={search_term_string}\"},\"query-input\":{\"@type\":\"PropertyValueSpecification\",\"valueRequired\":true,\"valueName\":\"search_term_string\"}}],\"inLanguage\":\"pt-BR\"}]}<\/script>\n<!-- \/ Yoast SEO plugin. -->","yoast_head_json":{"title":"Diretoria - NUCRI-SCB","robots":{"index":"index","follow":"follow","max-snippet":"max-snippet:-1","max-image-preview":"max-image-preview:large","max-video-preview":"max-video-preview:-1"},"canonical":"https:\/\/scb.org.br\/nucri\/institucional\/diretoria\/","og_locale":"pt_BR","og_type":"article","og_title":"Diretoria - NUCRI-SCB","og_description":"Abaixo est\u00e3o os atuais l\u00edderes, l\u00edderes previstos no estatuto e atualmente em exerc\u00edcio. &nbsp; Diretor Presidente: Tiago MoretiDiretora Executiva e Diretora Jur\u00eddica: Emanuela dos Santos Borges (OAB\/SC 56569)Diretora de Secretaria: M\u00f4nica Martins BinattiDiretor Financeiro e Cont\u00e1bil: Anderson Miguel PintoDiretor de M\u00eddia e Marketing: Rog\u00e9rio de Camargo CortinaDiretora de Ensino: Euzenilda Rosa LiraDiretora de Extens\u00e3o: [&hellip;]","og_url":"https:\/\/scb.org.br\/nucri\/institucional\/diretoria\/","og_site_name":"NUCRI-SCB","twitter_card":"summary_large_image","twitter_misc":{"Est. tempo de leitura":"4 minutos"},"schema":{"@context":"https:\/\/schema.org","@graph":[{"@type":"WebPage","@id":"https:\/\/scb.org.br\/nucri\/institucional\/diretoria\/","url":"https:\/\/scb.org.br\/nucri\/institucional\/diretoria\/","name":"Diretoria - NUCRI-SCB","isPartOf":{"@id":"https:\/\/scb.org.br\/nucri\/#website"},"datePublished":"2020-02-27T00:58:48+00:00","breadcrumb":{"@id":"https:\/\/scb.org.br\/nucri\/institucional\/diretoria\/#breadcrumb"},"inLanguage":"pt-BR","potentialAction":[{"@type":"ReadAction","target":["https:\/\/scb.org.br\/nucri\/institucional\/diretoria\/"]}]},{"@type":"BreadcrumbList","@id":"https:\/\/scb.org.br\/nucri\/institucional\/diretoria\/#breadcrumb","itemListElement":[{"@type":"ListItem","position":1,"name":"Home","item":"https:\/\/scb.org.br\/nucri\/"},{"@type":"ListItem","position":2,"name":"Institucional","item":"https:\/\/scb.org.br\/nucri\/institucional\/"},{"@type":"ListItem","position":3,"name":"Diretoria"}]},{"@type":"WebSite","@id":"https:\/\/scb.org.br\/nucri\/#website","url":"https:\/\/scb.org.br\/nucri\/","name":"NUCRI-SCB","description":"Just another SCB site","potentialAction":[{"@type":"SearchAction","target":{"@type":"EntryPoint","urlTemplate":"https:\/\/scb.org.br\/nucri\/?s={search_term_string}"},"query-input":{"@type":"PropertyValueSpecification","valueRequired":true,"valueName":"search_term_string"}}],"inLanguage":"pt-BR"}]}},"_links":{"self":[{"href":"https:\/\/scb.org.br\/nucri\/wp-json\/wp\/v2\/pages\/130","targetHints":{"allow":["GET"]}}],"collection":[{"href":"https:\/\/scb.org.br\/nucri\/wp-json\/wp\/v2\/pages"}],"about":[{"href":"https:\/\/scb.org.br\/nucri\/wp-json\/wp\/v2\/types\/page"}],"author":[{"embeddable":true,"href":"https:\/\/scb.org.br\/nucri\/wp-json\/wp\/v2\/users\/1"}],"replies":[{"embeddable":true,"href":"https:\/\/scb.org.br\/nucri\/wp-json\/wp\/v2\/comments?post=130"}],"version-history":[{"count":1,"href":"https:\/\/scb.org.br\/nucri\/wp-json\/wp\/v2\/pages\/130\/revisions"}],"predecessor-version":[{"id":131,"href":"https:\/\/scb.org.br\/nucri\/wp-json\/wp\/v2\/pages\/130\/revisions\/131"}],"up":[{"embeddable":true,"href":"https:\/\/scb.org.br\/nucri\/wp-json\/wp\/v2\/pages\/80"}],"wp:attachment":[{"href":"https:\/\/scb.org.br\/nucri\/wp-json\/wp\/v2\/media?parent=130"}],"curies":[{"name":"wp","href":"https:\/\/api.w.org\/{rel}","templated":true}]}}