{"id":129,"date":"2020-02-26T22:03:39","date_gmt":"2020-02-27T01:03:39","guid":{"rendered":"https:\/\/nucri.scb.org.br\/?page_id=129"},"modified":"2020-02-26T22:03:39","modified_gmt":"2020-02-27T01:03:39","slug":"quem-somos","status":"publish","type":"page","link":"https:\/\/scb.org.br\/nucri\/institucional\/quem-somos\/","title":{"rendered":"Quem Somos"},"content":{"rendered":"<p>O NUCRI &#8211; N\u00facleo Criciumense da Sociedade Criacionista Brasileira, \u00e9 uma associa\u00e7\u00e3o civil, pessoa jur\u00eddica de direito privado, sem fins lucrativos, de natureza educativa e cultural, apartid\u00e1rio que busca \u201cPROMOVER O CRIACIONISMO B\u00cdBLICO, OPORTUNIZANDO O DI\u00c1LOGO DAS TEORIAS SOBRE A ORIGEM DA VIDA E DO UNIVERSO\u201d.<\/p>\n<p>O NUCRI-SCB \u00e9 uma unidade filial da SOCIEDADE CRIACIONISTA BRASILEIRA que tem sede em Bras\u00edlia\/DF, a qual decide os objetivos, fun\u00e7\u00f5es, delibera\u00e7\u00f5es, compromissos em n\u00edvel macro e repassa as diretrizes para cada n\u00facleo unidade da SCB.<\/p>\n<h2>OBJETIVOS GERAIS<\/h2>\n<ol>\n<li>Oportunizar o di\u00e1logo das teorias que explicam a origem da vida e do Universo, promovendo o Criacionismo B\u00edblico, juntamente com o Criacionismo Cient\u00edfico e a Teoria do Design Inteligente, de modo a demonstrar evid\u00eancias dos atos criativos de um Deus Criador;<\/li>\n<li>Divulgar evid\u00eancias resultantes de pesquisas, pr\u00f3prias e de outrem, que apoiem a tese da exist\u00eancia de planejamento, prop\u00f3sito e des\u00edgnio em todos os campos da natureza observ\u00e1vel, em contraposi\u00e7\u00e3o \u00e0s teses do mero acaso mecanicista;<\/li>\n<li>Sugerir, promover, coordenar e executar atividades tais como: projetos, programas, simp\u00f3sios, cursos, palestras, confer\u00eancias, congressos worshops e a\u00e7\u00f5es nas \u00e1reas educacional, cultural, cient\u00edfica e tecnol\u00f3gica que venham concretizar o prop\u00f3sito principal;<\/li>\n<li>Apoiar, incentivar e promover a cria\u00e7\u00e3o e o desenvolvimento de outras filiais da SCB em toda a regi\u00e3o.<\/li>\n<\/ol>\n<h2>OBJETIVOS ESPEC\u00cdFICOS<\/h2>\n<ol>\n<li><span style=\"font-weight: 400;\">Proporcionar a forma\u00e7\u00e3o continuada dos membros mediante reuni\u00f5es peri\u00f3dicas onde se realizar\u00e3o estudos, cursos, palestras, workshops, oficinas etc., de modo a haver um nivelamento no conhecimento sobre as teorias que tratam das origens e as evid\u00eancias cient\u00edficas da exist\u00eancia de um Criador projetista;<\/span><\/li>\n<li><span style=\"font-weight: 400;\">Zelar pela equipe e incentivar os membros a elaborar e participar de atividades e eventos do NUCRI-SCB, procurando tamb\u00e9m a obten\u00e7\u00e3o de um espa\u00e7o f\u00edsico onde instalar sua sede, a fim de proporcionar maior conforto e comodidade;<\/span><\/li>\n<li><span style=\"font-weight: 400;\">Manter uma diretoria jur\u00eddica para consultoria e execu\u00e7\u00e3o das atividades;<\/span><\/li>\n<li><span style=\"font-weight: 400;\">Realizar a\u00e7\u00f5es para conseguir captar recursos junto \u00e0 SCB, denomina\u00e7\u00f5es religiosas, pessoas f\u00edsicas e jur\u00eddicas, \u00f3rg\u00e3os e entidades governamentais e n\u00e3o governamentais, e mediante a comercializa\u00e7\u00e3o de souvenirs e remunera\u00e7\u00e3o de cursos, entre outros;<\/span><\/li>\n<li><span style=\"font-weight: 400;\">Organizar a\u00e7\u00f5es para obten\u00e7\u00e3o de parcerias com a SCB, denomina\u00e7\u00f5es religiosas, pessoas f\u00edsicas e jur\u00eddicas, \u00f3rg\u00e3os e entidades governamentais e n\u00e3o governamentais, escolas, universidades e a comunidade em geral, de forma a cumprir objetivos comuns;<\/span><\/li>\n<li><span style=\"font-weight: 400;\">Manter uma comunica\u00e7\u00e3o social ativa com a sociedade, por meio da manuten\u00e7\u00e3o\/alimenta\u00e7\u00e3o do site, redes sociais, utiliza\u00e7\u00e3o de m\u00eddias digitais, parcerias com r\u00e1dios, TV\u2019s e jornais;<\/span><\/li>\n<li><span style=\"font-weight: 400;\">Realizar a\u00e7\u00f5es solid\u00e1rias junto \u00e0 comunidade, especialmente em datas comemorativas, no intuito de praticar essas a\u00e7\u00f5es em escolas, institui\u00e7\u00f5es de ensino superior, empresas, prefeituras e organiza\u00e7\u00f5es;<\/span><\/li>\n<li><span style=\"font-weight: 400;\">Promover e organizar eventos que envolvam estudantes, pr\u00e9-universit\u00e1rios e universit\u00e1rios e a comunidade em geral, dependendo do caso, a fim de divulgar o Criacionismo B\u00edblico mediante di\u00e1logo com as demais teorias que tratam das origens, proporcionando conhecimento sobre as evid\u00eancias de um Criador projetista.<\/span><\/li>\n<\/ol>\n","protected":false},"excerpt":{"rendered":"<p>O NUCRI &#8211; N\u00facleo Criciumense da Sociedade Criacionista Brasileira, \u00e9 uma associa\u00e7\u00e3o civil, pessoa jur\u00eddica de direito privado, sem fins lucrativos, de natureza educativa e cultural, apartid\u00e1rio que busca \u201cPROMOVER O CRIACIONISMO B\u00cdBLICO, OPORTUNIZANDO O DI\u00c1LOGO DAS TEORIAS SOBRE A ORIGEM DA VIDA E DO UNIVERSO\u201d. O NUCRI-SCB \u00e9 uma unidade filial da SOCIEDADE CRIACIONISTA [&hellip;]<\/p>\n","protected":false},"author":1,"featured_media":0,"parent":80,"menu_order":0,"comment_status":"closed","ping_status":"closed","template":"","meta":{"_acf_changed":false,"_et_pb_use_builder":"","_et_pb_old_content":"","_et_gb_content_width":"","om_disable_all_campaigns":false,"footnotes":""},"class_list":["post-129","page","type-page","status-publish","hentry"],"acf":[],"yoast_head":"<!-- This site is optimized with the Yoast SEO plugin v27.3 - https:\/\/yoast.com\/product\/yoast-seo-wordpress\/ -->\n<title>Quem Somos - NUCRI-SCB<\/title>\n<meta name=\"robots\" content=\"index, follow, max-snippet:-1, max-image-preview:large, max-video-preview:-1\" \/>\n<link rel=\"canonical\" href=\"https:\/\/scb.org.br\/nucri\/institucional\/quem-somos\/\" \/>\n<meta property=\"og:locale\" content=\"pt_BR\" \/>\n<meta property=\"og:type\" content=\"article\" \/>\n<meta property=\"og:title\" content=\"Quem Somos - NUCRI-SCB\" \/>\n<meta property=\"og:description\" content=\"O NUCRI &#8211; N\u00facleo Criciumense da Sociedade Criacionista Brasileira, \u00e9 uma associa\u00e7\u00e3o civil, pessoa jur\u00eddica de direito privado, sem fins lucrativos, de natureza educativa e cultural, apartid\u00e1rio que busca \u201cPROMOVER O CRIACIONISMO B\u00cdBLICO, OPORTUNIZANDO O DI\u00c1LOGO DAS TEORIAS SOBRE A ORIGEM DA VIDA E DO UNIVERSO\u201d. O NUCRI-SCB \u00e9 uma unidade filial da SOCIEDADE CRIACIONISTA [&hellip;]\" \/>\n<meta property=\"og:url\" content=\"https:\/\/scb.org.br\/nucri\/institucional\/quem-somos\/\" \/>\n<meta property=\"og:site_name\" content=\"NUCRI-SCB\" \/>\n<meta name=\"twitter:card\" content=\"summary_large_image\" \/>\n<meta name=\"twitter:label1\" content=\"Est. tempo de leitura\" \/>\n\t<meta name=\"twitter:data1\" content=\"3 minutos\" \/>\n<script type=\"application\/ld+json\" class=\"yoast-schema-graph\">{\"@context\":\"https:\\\/\\\/schema.org\",\"@graph\":[{\"@type\":\"WebPage\",\"@id\":\"https:\\\/\\\/scb.org.br\\\/nucri\\\/institucional\\\/quem-somos\\\/\",\"url\":\"https:\\\/\\\/scb.org.br\\\/nucri\\\/institucional\\\/quem-somos\\\/\",\"name\":\"Quem Somos - NUCRI-SCB\",\"isPartOf\":{\"@id\":\"https:\\\/\\\/scb.org.br\\\/nucri\\\/#website\"},\"datePublished\":\"2020-02-27T01:03:39+00:00\",\"breadcrumb\":{\"@id\":\"https:\\\/\\\/scb.org.br\\\/nucri\\\/institucional\\\/quem-somos\\\/#breadcrumb\"},\"inLanguage\":\"pt-BR\",\"potentialAction\":[{\"@type\":\"ReadAction\",\"target\":[\"https:\\\/\\\/scb.org.br\\\/nucri\\\/institucional\\\/quem-somos\\\/\"]}]},{\"@type\":\"BreadcrumbList\",\"@id\":\"https:\\\/\\\/scb.org.br\\\/nucri\\\/institucional\\\/quem-somos\\\/#breadcrumb\",\"itemListElement\":[{\"@type\":\"ListItem\",\"position\":1,\"name\":\"Home\",\"item\":\"https:\\\/\\\/scb.org.br\\\/nucri\\\/\"},{\"@type\":\"ListItem\",\"position\":2,\"name\":\"Institucional\",\"item\":\"https:\\\/\\\/scb.org.br\\\/nucri\\\/institucional\\\/\"},{\"@type\":\"ListItem\",\"position\":3,\"name\":\"Quem Somos\"}]},{\"@type\":\"WebSite\",\"@id\":\"https:\\\/\\\/scb.org.br\\\/nucri\\\/#website\",\"url\":\"https:\\\/\\\/scb.org.br\\\/nucri\\\/\",\"name\":\"NUCRI-SCB\",\"description\":\"Just another SCB site\",\"potentialAction\":[{\"@type\":\"SearchAction\",\"target\":{\"@type\":\"EntryPoint\",\"urlTemplate\":\"https:\\\/\\\/scb.org.br\\\/nucri\\\/?s={search_term_string}\"},\"query-input\":{\"@type\":\"PropertyValueSpecification\",\"valueRequired\":true,\"valueName\":\"search_term_string\"}}],\"inLanguage\":\"pt-BR\"}]}<\/script>\n<!-- \/ Yoast SEO plugin. -->","yoast_head_json":{"title":"Quem Somos - NUCRI-SCB","robots":{"index":"index","follow":"follow","max-snippet":"max-snippet:-1","max-image-preview":"max-image-preview:large","max-video-preview":"max-video-preview:-1"},"canonical":"https:\/\/scb.org.br\/nucri\/institucional\/quem-somos\/","og_locale":"pt_BR","og_type":"article","og_title":"Quem Somos - NUCRI-SCB","og_description":"O NUCRI &#8211; N\u00facleo Criciumense da Sociedade Criacionista Brasileira, \u00e9 uma associa\u00e7\u00e3o civil, pessoa jur\u00eddica de direito privado, sem fins lucrativos, de natureza educativa e cultural, apartid\u00e1rio que busca \u201cPROMOVER O CRIACIONISMO B\u00cdBLICO, OPORTUNIZANDO O DI\u00c1LOGO DAS TEORIAS SOBRE A ORIGEM DA VIDA E DO UNIVERSO\u201d. O NUCRI-SCB \u00e9 uma unidade filial da SOCIEDADE CRIACIONISTA [&hellip;]","og_url":"https:\/\/scb.org.br\/nucri\/institucional\/quem-somos\/","og_site_name":"NUCRI-SCB","twitter_card":"summary_large_image","twitter_misc":{"Est. tempo de leitura":"3 minutos"},"schema":{"@context":"https:\/\/schema.org","@graph":[{"@type":"WebPage","@id":"https:\/\/scb.org.br\/nucri\/institucional\/quem-somos\/","url":"https:\/\/scb.org.br\/nucri\/institucional\/quem-somos\/","name":"Quem Somos - NUCRI-SCB","isPartOf":{"@id":"https:\/\/scb.org.br\/nucri\/#website"},"datePublished":"2020-02-27T01:03:39+00:00","breadcrumb":{"@id":"https:\/\/scb.org.br\/nucri\/institucional\/quem-somos\/#breadcrumb"},"inLanguage":"pt-BR","potentialAction":[{"@type":"ReadAction","target":["https:\/\/scb.org.br\/nucri\/institucional\/quem-somos\/"]}]},{"@type":"BreadcrumbList","@id":"https:\/\/scb.org.br\/nucri\/institucional\/quem-somos\/#breadcrumb","itemListElement":[{"@type":"ListItem","position":1,"name":"Home","item":"https:\/\/scb.org.br\/nucri\/"},{"@type":"ListItem","position":2,"name":"Institucional","item":"https:\/\/scb.org.br\/nucri\/institucional\/"},{"@type":"ListItem","position":3,"name":"Quem Somos"}]},{"@type":"WebSite","@id":"https:\/\/scb.org.br\/nucri\/#website","url":"https:\/\/scb.org.br\/nucri\/","name":"NUCRI-SCB","description":"Just another SCB site","potentialAction":[{"@type":"SearchAction","target":{"@type":"EntryPoint","urlTemplate":"https:\/\/scb.org.br\/nucri\/?s={search_term_string}"},"query-input":{"@type":"PropertyValueSpecification","valueRequired":true,"valueName":"search_term_string"}}],"inLanguage":"pt-BR"}]}},"_links":{"self":[{"href":"https:\/\/scb.org.br\/nucri\/wp-json\/wp\/v2\/pages\/129","targetHints":{"allow":["GET"]}}],"collection":[{"href":"https:\/\/scb.org.br\/nucri\/wp-json\/wp\/v2\/pages"}],"about":[{"href":"https:\/\/scb.org.br\/nucri\/wp-json\/wp\/v2\/types\/page"}],"author":[{"embeddable":true,"href":"https:\/\/scb.org.br\/nucri\/wp-json\/wp\/v2\/users\/1"}],"replies":[{"embeddable":true,"href":"https:\/\/scb.org.br\/nucri\/wp-json\/wp\/v2\/comments?post=129"}],"version-history":[{"count":1,"href":"https:\/\/scb.org.br\/nucri\/wp-json\/wp\/v2\/pages\/129\/revisions"}],"predecessor-version":[{"id":135,"href":"https:\/\/scb.org.br\/nucri\/wp-json\/wp\/v2\/pages\/129\/revisions\/135"}],"up":[{"embeddable":true,"href":"https:\/\/scb.org.br\/nucri\/wp-json\/wp\/v2\/pages\/80"}],"wp:attachment":[{"href":"https:\/\/scb.org.br\/nucri\/wp-json\/wp\/v2\/media?parent=129"}],"curies":[{"name":"wp","href":"https:\/\/api.w.org\/{rel}","templated":true}]}}