{"id":159,"date":"2019-07-26T22:26:07","date_gmt":"2019-07-27T01:26:07","guid":{"rendered":"https:\/\/npoa.scb.org.br\/?page_id=159&#038;preview_id=159"},"modified":"2019-07-26T22:43:18","modified_gmt":"2019-07-27T01:43:18","slug":"sobre","status":"publish","type":"page","link":"https:\/\/scb.org.br\/npoa\/sobre\/","title":{"rendered":"Sobre"},"content":{"rendered":"<p>O N\u00facleo Portoalegrense da Sociedade Criacionista Brasileira (NPOA-SCB) \u00e9 um grupo de pessoas que se organizaram para anunciar o Criacionismo a partir de Porto Alegre. A Sociedade Criacionista Brasieira (SCB) \u00e9 uma associa\u00e7\u00e3o formada por pessoas de diversas denomina\u00e7\u00f5es religiosas bem como diversas forma\u00e7\u00f5es acad\u00eamicas. O NPOA-SCB \u00e9 uma associa\u00e7\u00e3o independente da SCB, mas que segue suas orienta\u00e7\u00f5es e princ\u00edpios.<\/p>\n<p>Iniciado em 2017 por meio de um desafio lan\u00e7ado por Michelson Borges, atual vice-presidente da SCB (2019), o NPOA-SCB atua de v\u00e1rias formas:<\/p>\n<ul>\n<li>Palestras<\/li>\n<li>Serm\u00f5es<\/li>\n<li>Artigos<\/li>\n<li>V\u00eddeos<\/li>\n<li>Grupo de debates presenciais, via YouTube e WhatsApp<\/li>\n<li>Questionamentos por meio de uma das formas de contato<\/li>\n<li>Semin\u00e1rios<\/li>\n<li>Entre outros<\/li>\n<\/ul>\n<p>Para saber mais entre em contato conosco. Estamos abertos a convites para eventos inclusive em escolas e igrejas de qualquer cidade, nao apenas em Porto Alegre\/RS.<\/p>\n","protected":false},"excerpt":{"rendered":"<p>O N\u00facleo Portoalegrense da Sociedade Criacionista Brasileira (NPOA-SCB) \u00e9 um grupo de pessoas que se organizaram para anunciar o Criacionismo a partir de Porto Alegre. A Sociedade Criacionista Brasieira (SCB) \u00e9 uma associa\u00e7\u00e3o formada por pessoas de diversas denomina\u00e7\u00f5es religiosas bem como diversas forma\u00e7\u00f5es acad\u00eamicas. O NPOA-SCB \u00e9 uma associa\u00e7\u00e3o independente da SCB, mas que [&hellip;]<\/p>\n","protected":false},"author":1534,"featured_media":0,"parent":0,"menu_order":0,"comment_status":"closed","ping_status":"closed","template":"","meta":{"_acf_changed":false,"_et_pb_use_builder":"","_et_pb_old_content":"","_et_gb_content_width":"","om_disable_all_campaigns":false,"footnotes":""},"class_list":["post-159","page","type-page","status-publish","hentry"],"acf":[],"yoast_head":"<!-- This site is optimized with the Yoast SEO plugin v27.3 - https:\/\/yoast.com\/product\/yoast-seo-wordpress\/ -->\n<title>Sobre - NPOA-SCB<\/title>\n<meta name=\"robots\" content=\"index, follow, max-snippet:-1, max-image-preview:large, max-video-preview:-1\" \/>\n<link rel=\"canonical\" href=\"https:\/\/scb.org.br\/npoa\/sobre\/\" \/>\n<meta property=\"og:locale\" content=\"pt_BR\" \/>\n<meta property=\"og:type\" content=\"article\" \/>\n<meta property=\"og:title\" content=\"Sobre - NPOA-SCB\" \/>\n<meta property=\"og:description\" content=\"O N\u00facleo Portoalegrense da Sociedade Criacionista Brasileira (NPOA-SCB) \u00e9 um grupo de pessoas que se organizaram para anunciar o Criacionismo a partir de Porto Alegre. A Sociedade Criacionista Brasieira (SCB) \u00e9 uma associa\u00e7\u00e3o formada por pessoas de diversas denomina\u00e7\u00f5es religiosas bem como diversas forma\u00e7\u00f5es acad\u00eamicas. O NPOA-SCB \u00e9 uma associa\u00e7\u00e3o independente da SCB, mas que [&hellip;]\" \/>\n<meta property=\"og:url\" content=\"https:\/\/scb.org.br\/npoa\/sobre\/\" \/>\n<meta property=\"og:site_name\" content=\"NPOA-SCB\" \/>\n<meta property=\"article:modified_time\" content=\"2019-07-27T01:43:18+00:00\" \/>\n<meta name=\"twitter:card\" content=\"summary_large_image\" \/>\n<meta name=\"twitter:label1\" content=\"Est. tempo de leitura\" \/>\n\t<meta name=\"twitter:data1\" content=\"1 minuto\" \/>\n<script type=\"application\/ld+json\" class=\"yoast-schema-graph\">{\"@context\":\"https:\\\/\\\/schema.org\",\"@graph\":[{\"@type\":\"WebPage\",\"@id\":\"https:\\\/\\\/scb.org.br\\\/npoa\\\/sobre\\\/\",\"url\":\"https:\\\/\\\/scb.org.br\\\/npoa\\\/sobre\\\/\",\"name\":\"Sobre - NPOA-SCB\",\"isPartOf\":{\"@id\":\"https:\\\/\\\/scb.org.br\\\/npoa\\\/#website\"},\"datePublished\":\"2019-07-27T01:26:07+00:00\",\"dateModified\":\"2019-07-27T01:43:18+00:00\",\"breadcrumb\":{\"@id\":\"https:\\\/\\\/scb.org.br\\\/npoa\\\/sobre\\\/#breadcrumb\"},\"inLanguage\":\"pt-BR\",\"potentialAction\":[{\"@type\":\"ReadAction\",\"target\":[\"https:\\\/\\\/scb.org.br\\\/npoa\\\/sobre\\\/\"]}]},{\"@type\":\"BreadcrumbList\",\"@id\":\"https:\\\/\\\/scb.org.br\\\/npoa\\\/sobre\\\/#breadcrumb\",\"itemListElement\":[{\"@type\":\"ListItem\",\"position\":1,\"name\":\"Home\",\"item\":\"https:\\\/\\\/scb.org.br\\\/npoa\\\/\"},{\"@type\":\"ListItem\",\"position\":2,\"name\":\"Sobre\"}]},{\"@type\":\"WebSite\",\"@id\":\"https:\\\/\\\/scb.org.br\\\/npoa\\\/#website\",\"url\":\"https:\\\/\\\/scb.org.br\\\/npoa\\\/\",\"name\":\"NPOA-SCB\",\"description\":\"N\u00facleo Portoalegrense da Sociedade Criacionista Brasileira\",\"potentialAction\":[{\"@type\":\"SearchAction\",\"target\":{\"@type\":\"EntryPoint\",\"urlTemplate\":\"https:\\\/\\\/scb.org.br\\\/npoa\\\/?s={search_term_string}\"},\"query-input\":{\"@type\":\"PropertyValueSpecification\",\"valueRequired\":true,\"valueName\":\"search_term_string\"}}],\"inLanguage\":\"pt-BR\"}]}<\/script>\n<!-- \/ Yoast SEO plugin. -->","yoast_head_json":{"title":"Sobre - NPOA-SCB","robots":{"index":"index","follow":"follow","max-snippet":"max-snippet:-1","max-image-preview":"max-image-preview:large","max-video-preview":"max-video-preview:-1"},"canonical":"https:\/\/scb.org.br\/npoa\/sobre\/","og_locale":"pt_BR","og_type":"article","og_title":"Sobre - NPOA-SCB","og_description":"O N\u00facleo Portoalegrense da Sociedade Criacionista Brasileira (NPOA-SCB) \u00e9 um grupo de pessoas que se organizaram para anunciar o Criacionismo a partir de Porto Alegre. A Sociedade Criacionista Brasieira (SCB) \u00e9 uma associa\u00e7\u00e3o formada por pessoas de diversas denomina\u00e7\u00f5es religiosas bem como diversas forma\u00e7\u00f5es acad\u00eamicas. O NPOA-SCB \u00e9 uma associa\u00e7\u00e3o independente da SCB, mas que [&hellip;]","og_url":"https:\/\/scb.org.br\/npoa\/sobre\/","og_site_name":"NPOA-SCB","article_modified_time":"2019-07-27T01:43:18+00:00","twitter_card":"summary_large_image","twitter_misc":{"Est. tempo de leitura":"1 minuto"},"schema":{"@context":"https:\/\/schema.org","@graph":[{"@type":"WebPage","@id":"https:\/\/scb.org.br\/npoa\/sobre\/","url":"https:\/\/scb.org.br\/npoa\/sobre\/","name":"Sobre - NPOA-SCB","isPartOf":{"@id":"https:\/\/scb.org.br\/npoa\/#website"},"datePublished":"2019-07-27T01:26:07+00:00","dateModified":"2019-07-27T01:43:18+00:00","breadcrumb":{"@id":"https:\/\/scb.org.br\/npoa\/sobre\/#breadcrumb"},"inLanguage":"pt-BR","potentialAction":[{"@type":"ReadAction","target":["https:\/\/scb.org.br\/npoa\/sobre\/"]}]},{"@type":"BreadcrumbList","@id":"https:\/\/scb.org.br\/npoa\/sobre\/#breadcrumb","itemListElement":[{"@type":"ListItem","position":1,"name":"Home","item":"https:\/\/scb.org.br\/npoa\/"},{"@type":"ListItem","position":2,"name":"Sobre"}]},{"@type":"WebSite","@id":"https:\/\/scb.org.br\/npoa\/#website","url":"https:\/\/scb.org.br\/npoa\/","name":"NPOA-SCB","description":"N\u00facleo Portoalegrense da Sociedade Criacionista Brasileira","potentialAction":[{"@type":"SearchAction","target":{"@type":"EntryPoint","urlTemplate":"https:\/\/scb.org.br\/npoa\/?s={search_term_string}"},"query-input":{"@type":"PropertyValueSpecification","valueRequired":true,"valueName":"search_term_string"}}],"inLanguage":"pt-BR"}]}},"_links":{"self":[{"href":"https:\/\/scb.org.br\/npoa\/wp-json\/wp\/v2\/pages\/159","targetHints":{"allow":["GET"]}}],"collection":[{"href":"https:\/\/scb.org.br\/npoa\/wp-json\/wp\/v2\/pages"}],"about":[{"href":"https:\/\/scb.org.br\/npoa\/wp-json\/wp\/v2\/types\/page"}],"author":[{"embeddable":true,"href":"https:\/\/scb.org.br\/npoa\/wp-json\/wp\/v2\/users\/1534"}],"replies":[{"embeddable":true,"href":"https:\/\/scb.org.br\/npoa\/wp-json\/wp\/v2\/comments?post=159"}],"version-history":[{"count":3,"href":"https:\/\/scb.org.br\/npoa\/wp-json\/wp\/v2\/pages\/159\/revisions"}],"predecessor-version":[{"id":163,"href":"https:\/\/scb.org.br\/npoa\/wp-json\/wp\/v2\/pages\/159\/revisions\/163"}],"wp:attachment":[{"href":"https:\/\/scb.org.br\/npoa\/wp-json\/wp\/v2\/media?parent=159"}],"curies":[{"name":"wp","href":"https:\/\/api.w.org\/{rel}","templated":true}]}}